CRAN Package Check Results for Package NHPoisson

Last updated on 2024-06-13 04:52:33 CEST.

Flavor Version Tinstall Tcheck Ttotal Status Flags
r-devel-linux-x86_64-debian-clang 3.3 5.64 51.60 57.24 NOTE
r-devel-linux-x86_64-debian-gcc 3.3 0.35 1.71 2.06 ERROR
r-devel-linux-x86_64-fedora-clang 3.3 72.24 NOTE
r-devel-linux-x86_64-fedora-gcc 3.3 68.87 NOTE
r-devel-windows-x86_64 3.3 6.00 70.00 76.00 NOTE
r-patched-linux-x86_64 3.3 4.21 49.37 53.58 NOTE
r-release-linux-x86_64 3.3 5.85 51.28 57.13 NOTE
r-release-macos-arm64 3.3 26.00 NOTE
r-release-macos-x86_64 3.3 36.00 NOTE
r-release-windows-x86_64 3.3 6.00 71.00 77.00 NOTE
r-oldrel-macos-arm64 3.3 30.00 NOTE
r-oldrel-macos-x86_64 3.3 38.00 NOTE
r-oldrel-windows-x86_64 3.3 7.00 80.00 87.00 NOTE

Check Details

Version: 3.3
Check: Rd files
Result: NOTE checkRd: (-1) graphresU.fun.Rd:72: Escaped LaTeX specials: \& Flavors: r-devel-linux-x86_64-debian-clang, r-devel-linux-x86_64-fedora-clang, r-devel-linux-x86_64-fedora-gcc, r-devel-windows-x86_64, r-patched-linux-x86_64, r-release-linux-x86_64, r-release-macos-arm64, r-release-macos-x86_64, r-release-windows-x86_64, r-oldrel-macos-arm64, r-oldrel-macos-x86_64, r-oldrel-windows-x86_64

Version: 3.3
Check: package dependencies
Result: ERROR Package required but not available: ‘car’ See section ‘The DESCRIPTION file’ in the ‘Writing R Extensions’ manual. Flavor: r-devel-linux-x86_64-debian-gcc