CRAN Package Check Results for Package NLMR

Last updated on 2021-12-01 11:51:59 CET.

Flavor Version Tinstall Tcheck Ttotal Status Flags
r-devel-linux-x86_64-debian-clang 1.1 32.50 127.96 160.46 OK
r-devel-linux-x86_64-debian-gcc 1.1 22.30 101.85 124.15 OK
r-devel-linux-x86_64-fedora-clang 1.1 222.94 NOTE
r-devel-linux-x86_64-fedora-gcc 1.1 191.76 NOTE
r-devel-windows-x86_64-new-UL 1.1 51.00 206.00 257.00 OK
r-devel-windows-x86_64-new-TK 1.1 NOTE
r-devel-windows-x86_64-old 1.1 45.00 141.00 186.00 OK
r-patched-linux-x86_64 1.1 27.23 120.25 147.48 OK
r-patched-solaris-x86 1.1 207.80 NOTE
r-release-linux-x86_64 1.1 27.89 120.92 148.81 OK
r-release-macos-arm64 1.1 NOTE
r-release-macos-x86_64 1.1 NOTE
r-release-windows-ix86+x86_64 1.1 83.00 257.00 340.00 OK
r-oldrel-macos-x86_64 1.1 NOTE
r-oldrel-windows-ix86+x86_64 1.1 61.00 176.00 237.00 OK

Check Details

Version: 1.1
Check: dependencies in R code
Result: NOTE
    Namespace in Imports field not imported from: ‘igraph’
     All declared Imports should be used.
Flavors: r-devel-linux-x86_64-fedora-clang, r-devel-linux-x86_64-fedora-gcc, r-devel-windows-x86_64-new-TK, r-patched-solaris-x86, r-release-macos-arm64, r-release-macos-x86_64, r-oldrel-macos-x86_64