CRAN Package Check Results for Package NSUM

Last updated on 2021-09-17 04:49:26 CEST.

Flavor Version Tinstall Tcheck Ttotal Status Flags
r-devel-linux-x86_64-debian-clang 1.0 9.11 87.21 96.32 NOTE
r-devel-linux-x86_64-debian-gcc 1.0 7.66 66.54 74.20 NOTE
r-devel-linux-x86_64-fedora-clang 1.0 123.37 NOTE
r-devel-linux-x86_64-fedora-gcc 1.0 111.37 NOTE
r-devel-windows-x86_64 1.0 11.00 109.00 120.00 NOTE
r-devel-windows-x86_64-gcc10-UCRT 1.0 NOTE
r-patched-linux-x86_64 1.0 9.80 84.05 93.85 NOTE
r-patched-solaris-x86 1.0 162.80 NOTE
r-release-linux-x86_64 1.0 8.53 84.81 93.34 NOTE
r-release-macos-arm64 1.0 NOTE
r-release-macos-x86_64 1.0 NOTE
r-release-windows-ix86+x86_64 1.0 20.00 109.00 129.00 NOTE
r-oldrel-macos-x86_64 1.0 NOTE
r-oldrel-windows-ix86+x86_64 1.0 15.00 107.00 122.00 NOTE

Check Details

Version: 1.0
Check: R code for possible problems
Result: NOTE
    .mcmc.bar: no visible global function definition for 'rnorm'
    .mcmc.bar: no visible global function definition for 'runif'
    .mcmc.comb: no visible global function definition for 'rnorm'
    .mcmc.comb: no visible global function definition for 'runif'
    .mcmc.rd: no visible global function definition for 'rnorm'
    .mcmc.rd: no visible global function definition for 'runif'
    .mcmc.trans: no visible global function definition for 'rnorm'
    .mcmc.trans: no visible global function definition for 'runif'
    .simulate.bar: no visible global function definition for 'rlnorm'
    .simulate.bar: no visible global function definition for 'rbeta'
    .simulate.bar: no visible global function definition for 'rbinom'
    .simulate.comb: no visible global function definition for 'rlnorm'
    .simulate.comb: no visible global function definition for 'rbeta'
    .simulate.comb: no visible global function definition for 'rbinom'
    .simulate.rd: no visible global function definition for 'rlnorm'
    .simulate.rd: no visible global function definition for 'rbinom'
    .simulate.trans: no visible global function definition for 'rlnorm'
    .simulate.trans: no visible global function definition for 'rbinom'
    Undefined global functions or variables:
     rbeta rbinom rlnorm rnorm runif
    Consider adding
     importFrom("stats", "rbeta", "rbinom", "rlnorm", "rnorm", "runif")
    to your NAMESPACE file.
Flavors: r-devel-linux-x86_64-debian-clang, r-devel-linux-x86_64-debian-gcc, r-devel-linux-x86_64-fedora-clang, r-devel-linux-x86_64-fedora-gcc, r-devel-windows-x86_64, r-devel-windows-x86_64-gcc10-UCRT, r-patched-linux-x86_64, r-patched-solaris-x86, r-release-linux-x86_64, r-release-macos-arm64, r-release-macos-x86_64, r-release-windows-ix86+x86_64, r-oldrel-macos-x86_64, r-oldrel-windows-ix86+x86_64