Last updated on 2023-12-02 15:50:02 CET.
Flavor | Version | Tinstall | Tcheck | Ttotal | Status | Flags |
---|---|---|---|---|---|---|
r-devel-linux-x86_64-debian-clang | 1.0.3 | 8.12 | 88.17 | 96.29 | NOTE | |
r-devel-linux-x86_64-debian-gcc | 1.0.3 | 5.44 | 63.31 | 68.75 | NOTE | |
r-devel-linux-x86_64-fedora-clang | 1.0.3 | 116.41 | OK | |||
r-devel-linux-x86_64-fedora-gcc | 1.0.3 | 111.97 | OK | |||
r-devel-windows-x86_64 | 1.0.3 | 8.00 | 91.00 | 99.00 | OK | |
r-patched-linux-x86_64 | 1.0.3 | 6.07 | 82.74 | 88.81 | OK | |
r-release-linux-x86_64 | 1.0.3 | 5.32 | 81.72 | 87.04 | OK | |
r-release-macos-arm64 | 1.0.3 | 36.00 | OK | |||
r-release-macos-x86_64 | 1.0.3 | 91.00 | OK | |||
r-release-windows-x86_64 | 1.0.3 | 11.00 | 104.00 | 115.00 | OK | |
r-oldrel-macos-arm64 | 1.0.3 | 35.00 | OK | |||
r-oldrel-macos-x86_64 | 1.0.3 | 47.00 | OK | |||
r-oldrel-windows-x86_64 | 1.0.3 | 10.00 | 101.00 | 111.00 | OK |
Version: 1.0.3
Check: Rd files
Result: NOTE
checkRd: (-1) SensMatPlot.Rd:21: Lost braces; missing escapes or markup?
21 | \item{output}{\code{numeric} or {character} specifying the output neuron or output name to be plotted.
| ^
checkRd: (-1) SensitivityPlots.Rd:28: Lost braces; missing escapes or markup?
28 | \item{output}{\code{numeric} or {character} specifying the output neuron or output name to be plotted.
| ^
checkRd: (-1) syntheticdata.Rd:11: Lost braces in \itemize; meant \describe ?
checkRd: (-1) syntheticdata.Rd:12: Lost braces in \itemize; meant \describe ?
checkRd: (-1) syntheticdata.Rd:13: Lost braces in \itemize; meant \describe ?
checkRd: (-1) syntheticdata.Rd:14: Lost braces in \itemize; meant \describe ?
checkRd: (-1) syntheticdata.Rd:18: Lost braces in \itemize; meant \describe ?
checkRd: (-1) syntheticdata.Rd:19: Lost braces in \itemize; meant \describe ?
checkRd: (-1) syntheticdata.Rd:20: Lost braces in \itemize; meant \describe ?
checkRd: (-1) syntheticdata.Rd:21: Lost braces in \itemize; meant \describe ?
checkRd: (-1) syntheticdata.Rd:25: Lost braces in \itemize; meant \describe ?
checkRd: (-1) syntheticdata.Rd:26: Lost braces in \itemize; meant \describe ?
checkRd: (-1) syntheticdata.Rd:27: Lost braces in \itemize; meant \describe ?
checkRd: (-1) syntheticdata.Rd:28: Lost braces in \itemize; meant \describe ?
checkRd: (-1) syntheticdata.Rd:32: Lost braces in \itemize; meant \describe ?
checkRd: (-1) syntheticdata.Rd:33: Lost braces in \itemize; meant \describe ?
checkRd: (-1) syntheticdata.Rd:34: Lost braces in \itemize; meant \describe ?
checkRd: (-1) syntheticdata.Rd:35: Lost braces in \itemize; meant \describe ?
Flavors: r-devel-linux-x86_64-debian-clang, r-devel-linux-x86_64-debian-gcc