CRAN Package Check Results for Package ORTSC

Last updated on 2021-11-27 03:58:05 CET.

Flavor Version Tinstall Tcheck Ttotal Status Flags
r-devel-linux-x86_64-debian-clang 1.0.0 3.91 32.75 36.66 NOTE
r-devel-linux-x86_64-debian-gcc 1.0.0 2.80 25.80 28.60 NOTE
r-devel-linux-x86_64-fedora-clang 1.0.0 55.15 NOTE
r-devel-linux-x86_64-fedora-gcc 1.0.0 43.78 NOTE
r-devel-windows-x86_64-new-UL 1.0.0 8.00 71.00 79.00 NOTE
r-devel-windows-x86_64-new-TK 1.0.0 NOTE
r-devel-windows-x86_64-old 1.0.0 6.00 53.00 59.00 NOTE
r-patched-linux-x86_64 1.0.0 3.18 31.47 34.65 NOTE
r-patched-solaris-x86 1.0.0 67.80 NOTE
r-release-linux-x86_64 1.0.0 NOTE
r-release-macos-arm64 1.0.0 NOTE
r-release-macos-x86_64 1.0.0 NOTE
r-release-windows-ix86+x86_64 1.0.0 8.00 40.00 48.00 NOTE
r-oldrel-macos-x86_64 1.0.0 OK
r-oldrel-windows-ix86+x86_64 1.0.0 8.00 58.00 66.00 OK

Check Details

Version: 1.0.0
Check: LazyData
Result: NOTE
     'LazyData' is specified without a 'data' directory
Flavors: r-devel-linux-x86_64-debian-clang, r-devel-linux-x86_64-debian-gcc, r-devel-linux-x86_64-fedora-clang, r-devel-linux-x86_64-fedora-gcc, r-devel-windows-x86_64-new-UL, r-devel-windows-x86_64-new-TK, r-devel-windows-x86_64-old, r-patched-linux-x86_64, r-patched-solaris-x86, r-release-linux-x86_64, r-release-macos-arm64, r-release-macos-x86_64, r-release-windows-ix86+x86_64