CRAN Package Check Results for Package OTclust

Last updated on 2021-09-21 04:55:24 CEST.

Flavor Version Tinstall Tcheck Ttotal Status Flags
r-devel-linux-x86_64-debian-clang 1.0.4 23.01 239.17 262.18 OK
r-devel-linux-x86_64-debian-gcc 1.0.4 16.10 165.21 181.31 OK
r-devel-linux-x86_64-fedora-clang 1.0.4 307.99 OK
r-devel-linux-x86_64-fedora-gcc 1.0.4 292.77 OK
r-devel-windows-x86_64 1.0.4 23.00 239.00 262.00 OK
r-devel-windows-x86_64-gcc10-UCRT 1.0.4 ERROR
r-patched-linux-x86_64 1.0.4 20.50 220.35 240.85 OK
r-patched-solaris-x86 1.0.4 104.90 OK
r-release-linux-x86_64 1.0.4 18.77 221.94 240.71 OK
r-release-macos-arm64 1.0.4 OK
r-release-macos-x86_64 1.0.4 OK
r-release-windows-ix86+x86_64 1.0.4 51.00 315.00 366.00 OK
r-oldrel-macos-x86_64 1.0.4 OK
r-oldrel-windows-ix86+x86_64 1.0.4 52.00 342.00 394.00 OK

Check Details

Version: 1.0.4
Check: whether package can be installed
Result: ERROR
    Installation failed.
Flavor: r-devel-windows-x86_64-gcc10-UCRT