CRAN Package Check Results for Package OddsPlotty

Last updated on 2021-10-20 04:55:28 CEST.

Flavor Version Tinstall Tcheck Ttotal Status Flags
r-devel-linux-x86_64-debian-clang 1.0.1 4.24 60.86 65.10 OK
r-devel-linux-x86_64-debian-gcc 1.0.1 3.54 45.72 49.26 OK
r-devel-linux-x86_64-fedora-clang 1.0.1 88.78 NOTE
r-devel-linux-x86_64-fedora-gcc 1.0.1 76.05 NOTE
r-devel-windows-x86_64 1.0.1 12.00 89.00 101.00 OK
r-devel-windows-x86_64-gcc10-UCRT 1.0.1 NOTE
r-patched-linux-x86_64 1.0.1 4.51 56.78 61.29 OK
r-patched-solaris-x86 1.0.1 114.70 NOTE
r-release-linux-x86_64 1.0.1 4.50 56.83 61.33 OK
r-release-macos-arm64 1.0.1 NOTE
r-release-macos-x86_64 1.0.1 NOTE
r-release-windows-ix86+x86_64 1.0.1 9.00 81.00 90.00 OK
r-oldrel-macos-x86_64 1.0.1 NOTE
r-oldrel-windows-ix86+x86_64 1.0.1 14.00 82.00 96.00 OK

Check Details

Version: 1.0.1
Check: dependencies in R code
Result: NOTE
    Namespaces in Imports field not imported from:
     ‘caret’ ‘e1071’ ‘ggthemes’ ‘mlbench’
     All declared Imports should be used.
Flavors: r-devel-linux-x86_64-fedora-clang, r-devel-linux-x86_64-fedora-gcc, r-devel-windows-x86_64-gcc10-UCRT, r-patched-solaris-x86, r-release-macos-arm64, r-release-macos-x86_64, r-oldrel-macos-x86_64