CRAN Package Check Results for Package OptGS

Last updated on 2021-11-27 06:50:35 CET.

Flavor Version Tinstall Tcheck Ttotal Status Flags
r-devel-linux-x86_64-debian-clang 1.1.1 OK
r-devel-linux-x86_64-debian-gcc 1.1.1 6.75 22.27 29.02 OK
r-devel-linux-x86_64-fedora-clang 1.1.1 60.65 NOTE
r-devel-linux-x86_64-fedora-gcc 1.1.1 47.73 NOTE
r-devel-windows-x86_64-new-UL 1.1.1 18.00 84.00 102.00 OK
r-devel-windows-x86_64-new-TK 1.1.1 OK
r-devel-windows-x86_64-old 1.1.1 13.00 54.00 67.00 OK
r-patched-linux-x86_64 1.1.1 8.10 27.42 35.52 OK
r-patched-solaris-x86 1.1.1 71.80 OK
r-release-linux-x86_64 1.1.1 OK
r-release-macos-arm64 1.1.1 OK
r-release-macos-x86_64 1.1.1 OK
r-release-windows-ix86+x86_64 1.1.1 23.00 73.00 96.00 OK
r-oldrel-macos-x86_64 1.1.1 OK
r-oldrel-windows-ix86+x86_64 1.1.1 20.00 67.00 87.00 OK

Check Details

Version: 1.1.1
Check: compiled code
Result: NOTE
    File ‘OptGS/libs/OptGS.so’:
     Found no calls to: ‘R_registerRoutines’, ‘R_useDynamicSymbols’
    
    It is good practice to register native routines and to disable symbol
    search.
    
    See ‘Writing portable packages’ in the ‘Writing R Extensions’ manual.
Flavors: r-devel-linux-x86_64-fedora-clang, r-devel-linux-x86_64-fedora-gcc