CRAN Package Check Results for Package PAFit

Last updated on 2021-09-23 04:56:37 CEST.

Flavor Version Tinstall Tcheck Ttotal Status Flags
r-devel-linux-x86_64-debian-clang 1.1.0.4 39.54 213.35 252.89 OK
r-devel-linux-x86_64-debian-gcc 1.1.0.4 29.36 157.97 187.33 OK
r-devel-linux-x86_64-fedora-clang 1.1.0.4 301.32 OK
r-devel-linux-x86_64-fedora-gcc 1.1.0.4 278.02 OK
r-devel-windows-x86_64 1.1.0.4 39.00 162.00 201.00 OK
r-devel-windows-x86_64-gcc10-UCRT 1.1.0.4 ERROR
r-patched-linux-x86_64 1.1.0.4 36.80 194.05 230.85 OK
r-patched-solaris-x86 1.1.0.4 345.70 OK
r-release-linux-x86_64 1.1.0.4 33.58 191.48 225.06 OK
r-release-macos-arm64 1.1.0.4 OK
r-release-macos-x86_64 1.1.0.4 OK
r-release-windows-ix86+x86_64 1.1.0.4 82.00 351.00 433.00 OK
r-oldrel-macos-x86_64 1.1.0.4 OK
r-oldrel-windows-ix86+x86_64 1.1.0.4 65.00 253.00 318.00 OK

Check Details

Version: 1.1.0.4
Check: package dependencies
Result: ERROR
    Package required but not available: 'igraph'
    
    See section 'The DESCRIPTION file' in the 'Writing R Extensions'
    manual.
Flavor: r-devel-windows-x86_64-gcc10-UCRT