CRAN Package Check Results for Package PAMA

Last updated on 2021-09-28 01:49:32 CEST.

Flavor Version Tinstall Tcheck Ttotal Status Flags
r-devel-linux-x86_64-debian-clang 1.2.0 13.06 42.61 55.67 OK
r-devel-linux-x86_64-debian-gcc 1.2.0 6.76 31.71 38.47 OK
r-devel-linux-x86_64-fedora-clang 1.2.0 75.46 NOTE
r-devel-linux-x86_64-fedora-gcc 1.2.0 61.55 NOTE
r-devel-windows-x86_64 1.2.0 14.00 47.00 61.00 OK
r-devel-windows-x86_64-gcc10-UCRT 1.2.0 NOTE
r-patched-linux-x86_64 1.2.0 10.54 40.85 51.39 OK
r-patched-solaris-x86 1.2.0 80.00 NOTE
r-release-linux-x86_64 1.2.0 8.98 40.96 49.94 OK
r-release-macos-arm64 1.2.0 NOTE
r-release-macos-x86_64 1.2.0 NOTE
r-release-windows-ix86+x86_64 1.2.0 28.00 86.00 114.00 OK
r-oldrel-macos-x86_64 1.2.0 NOTE
r-oldrel-windows-ix86+x86_64 1.2.0 52.00 69.00 121.00 OK

Check Details

Version: 1.2.0
Check: dependencies in R code
Result: NOTE
    Namespace in Imports field not imported from: ‘Rcpp’
     All declared Imports should be used.
Flavors: r-devel-linux-x86_64-fedora-clang, r-devel-linux-x86_64-fedora-gcc, r-devel-windows-x86_64-gcc10-UCRT, r-patched-solaris-x86, r-release-macos-arm64, r-release-macos-x86_64, r-oldrel-macos-x86_64

Version: 1.2.0
Check: compiled code
Result: NOTE
    File ‘PAMA/libs/PAMA.so’:
     Found no calls to: ‘R_registerRoutines’, ‘R_useDynamicSymbols’
    
    It is good practice to register native routines and to disable symbol
    search.
    
    See ‘Writing portable packages’ in the ‘Writing R Extensions’ manual.
Flavors: r-devel-linux-x86_64-fedora-clang, r-devel-linux-x86_64-fedora-gcc