CRAN Package Check Results for Package PBSmapping

Last updated on 2021-10-21 16:49:53 CEST.

Flavor Version Tinstall Tcheck Ttotal Status Flags
r-devel-linux-x86_64-debian-clang 2.73.0 21.49 88.50 109.99 OK
r-devel-linux-x86_64-debian-gcc 2.73.0 17.20 68.18 85.38 OK
r-devel-linux-x86_64-fedora-clang 2.73.0 150.77 NOTE
r-devel-linux-x86_64-fedora-gcc 2.73.0 137.50 OK
r-devel-windows-x86_64 2.73.0 33.00 117.00 150.00 NOTE
r-devel-windows-x86_64-gcc10-UCRT 2.73.0 OK
r-patched-linux-x86_64 2.73.0 22.88 85.89 108.77 OK
r-patched-solaris-x86 2.73.0 175.00 NOTE
r-release-linux-x86_64 2.73.0 19.14 85.85 104.99 OK
r-release-macos-arm64 2.73.0 NOTE
r-release-macos-x86_64 2.73.0 NOTE
r-release-windows-ix86+x86_64 2.73.0 41.00 141.00 182.00 NOTE
r-oldrel-macos-x86_64 2.73.0 NOTE
r-oldrel-windows-ix86+x86_64 2.73.0 51.00 149.00 200.00 NOTE

Check Details

Version: 2.73.0
Check: installed package size
Result: NOTE
     installed size is 6.6Mb
     sub-directories of 1Mb or more:
     data 2.7Mb
     doc 1.1Mb
     libs 1.2Mb
Flavors: r-devel-linux-x86_64-fedora-clang, r-devel-windows-x86_64, r-patched-solaris-x86, r-release-macos-arm64, r-release-macos-x86_64, r-release-windows-ix86+x86_64, r-oldrel-macos-x86_64, r-oldrel-windows-ix86+x86_64