CRAN Package Check Results for Package PELVIS

Last updated on 2021-09-23 07:49:50 CEST.

Flavor Version Tinstall Tcheck Ttotal Status Flags
r-devel-linux-x86_64-debian-clang 2.0.3 4.70 43.09 47.79 OK
r-devel-linux-x86_64-debian-gcc 2.0.3 3.29 34.10 37.39 OK
r-devel-linux-x86_64-fedora-clang 2.0.3 66.41 OK
r-devel-linux-x86_64-fedora-gcc 2.0.3 54.72 OK
r-devel-windows-x86_64 2.0.3 6.00 52.00 58.00 OK
r-devel-windows-x86_64-gcc10-UCRT 2.0.3 ERROR
r-patched-linux-x86_64 2.0.3 4.84 41.45 46.29 OK
r-patched-solaris-x86 2.0.3 86.20 OK
r-release-linux-x86_64 2.0.3 4.44 41.85 46.29 OK
r-release-macos-arm64 2.0.3 OK
r-release-macos-x86_64 2.0.3 OK
r-release-windows-ix86+x86_64 2.0.3 10.00 62.00 72.00 OK
r-oldrel-macos-x86_64 2.0.3 OK
r-oldrel-windows-ix86+x86_64 2.0.3 9.00 47.00 56.00 OK

Check Details

Version: 2.0.3
Check: PDF version of manual
Result: WARN
    LaTeX errors when creating PDF version.
    This typically indicates Rd problems.
Flavor: r-devel-windows-x86_64-gcc10-UCRT

Version: 2.0.3
Check: PDF version of manual without hyperrefs or index
Result: ERROR
    Re-running with no redirection of stdout/stderr.
Flavor: r-devel-windows-x86_64-gcc10-UCRT