CRAN Package Check Results for Package PLMIX

Last updated on 2021-09-17 22:57:07 CEST.

Flavor Version Tinstall Tcheck Ttotal Status Flags
r-devel-linux-x86_64-debian-clang 2.1.1 195.10 141.06 336.16 OK
r-devel-linux-x86_64-debian-gcc 2.1.1 114.52 102.90 217.42 OK
r-devel-linux-x86_64-fedora-clang 2.1.1 469.10 NOTE
r-devel-linux-x86_64-fedora-gcc 2.1.1 389.38 NOTE
r-devel-windows-x86_64 2.1.1 170.00 142.00 312.00 OK
r-devel-windows-x86_64-gcc10-UCRT 2.1.1 NOTE
r-patched-linux-x86_64 2.1.1 146.87 132.28 279.15 OK
r-patched-solaris-x86 2.1.1 442.10 NOTE
r-release-linux-x86_64 2.1.1 137.45 132.19 269.64 OK
r-release-macos-arm64 2.1.1 NOTE
r-release-macos-x86_64 2.1.1 NOTE
r-release-windows-ix86+x86_64 2.1.1 417.00 273.00 690.00 OK
r-oldrel-macos-x86_64 2.1.1 NOTE
r-oldrel-windows-ix86+x86_64 2.1.1 414.00 214.00 628.00 OK

Check Details

Version: 2.1.1
Check: dependencies in R code
Result: NOTE
    Namespaces in Imports field not imported from:
     ‘PlackettLuce’ ‘StatRank’ ‘pmr’ ‘prefmod’ ‘rankdist’
     All declared Imports should be used.
Flavors: r-devel-linux-x86_64-fedora-clang, r-devel-linux-x86_64-fedora-gcc, r-devel-windows-x86_64-gcc10-UCRT, r-patched-solaris-x86, r-release-macos-arm64, r-release-macos-x86_64, r-oldrel-macos-x86_64