CRAN Package Check Results for Package PMA

Last updated on 2021-09-23 10:53:39 CEST.

Flavor Version Tinstall Tcheck Ttotal Status Flags
r-devel-linux-x86_64-debian-clang 1.2.1 22.20 46.64 68.84 OK
r-devel-linux-x86_64-debian-gcc 1.2.1 14.66 34.75 49.41 OK
r-devel-linux-x86_64-fedora-clang 1.2.1 101.93 OK
r-devel-linux-x86_64-fedora-gcc 1.2.1 80.09 OK
r-devel-windows-x86_64 1.2.1 21.00 51.00 72.00 OK
r-devel-windows-x86_64-gcc10-UCRT 1.2.1 ERROR
r-patched-linux-x86_64 1.2.1 17.26 45.10 62.36 OK
r-patched-solaris-x86 1.2.1 124.70 OK
r-release-linux-x86_64 1.2.1 16.95 44.43 61.38 OK
r-release-macos-arm64 1.2.1 OK
r-release-macos-x86_64 1.2.1 OK
r-release-windows-ix86+x86_64 1.2.1 48.00 89.00 137.00 OK
r-oldrel-macos-x86_64 1.2.1 OK
r-oldrel-windows-ix86+x86_64 1.2.1 39.00 85.00 124.00 OK

Check Details

Version: 1.2.1
Check: whether package can be installed
Result: ERROR
    Installation failed.
Flavor: r-devel-windows-x86_64-gcc10-UCRT