CRAN Package Check Results for Package POMaSPU

Last updated on 2021-09-20 22:55:43 CEST.

Flavor Version Tinstall Tcheck Ttotal Status Flags
r-devel-linux-x86_64-debian-clang 1.0.0 39.03 28.67 67.70 OK
r-devel-linux-x86_64-debian-gcc 1.0.0 22.28 22.85 45.13 OK
r-devel-linux-x86_64-fedora-clang 1.0.0 93.39 OK
r-devel-linux-x86_64-fedora-gcc 1.0.0 78.12 OK
r-devel-windows-x86_64 1.0.0 34.00 45.00 79.00 OK
r-devel-windows-x86_64-gcc10-UCRT 1.0.0 ERROR
r-patched-linux-x86_64 1.0.0 26.26 27.99 54.25 OK
r-patched-solaris-x86 1.0.0 91.80 OK
r-release-linux-x86_64 1.0.0 30.67 27.86 58.53 OK
r-release-macos-arm64 1.0.0 OK
r-release-macos-x86_64 1.0.0 OK
r-release-windows-ix86+x86_64 1.0.0 82.00 70.00 152.00 OK
r-oldrel-macos-x86_64 1.0.0 OK
r-oldrel-windows-ix86+x86_64 1.0.0 81.00 55.00 136.00 OK

Check Details

Version: 1.0.0
Check: whether package can be installed
Result: ERROR
    Installation failed.
Flavor: r-devel-windows-x86_64-gcc10-UCRT