CRAN Package Check Results for Package POUMM

Last updated on 2021-09-21 13:52:37 CEST.

Flavor Version Tinstall Tcheck Ttotal Status Flags
r-devel-linux-x86_64-debian-clang 2.1.7 42.57 210.44 253.01 OK
r-devel-linux-x86_64-debian-gcc 2.1.7 34.71 152.29 187.00 OK
r-devel-linux-x86_64-fedora-clang 2.1.7 306.69 NOTE
r-devel-linux-x86_64-fedora-gcc 2.1.7 304.20 OK
r-devel-windows-x86_64 2.1.7 39.00 192.00 231.00 OK
r-devel-windows-x86_64-gcc10-UCRT 2.1.7 ERROR
r-patched-linux-x86_64 2.1.7 39.37 200.80 240.17 OK
r-patched-solaris-x86 2.1.7 363.00 OK
r-release-linux-x86_64 2.1.7 40.80 201.25 242.05 OK
r-release-macos-arm64 2.1.7 NOTE
r-release-macos-x86_64 2.1.7 NOTE
r-release-windows-ix86+x86_64 2.1.7 94.00 337.00 431.00 OK
r-oldrel-macos-x86_64 2.1.7 NOTE
r-oldrel-windows-ix86+x86_64 2.1.7 97.00 336.00 433.00 OK

Check Details

Version: 2.1.7
Check: installed package size
Result: NOTE
     installed size is 6.1Mb
     sub-directories of 1Mb or more:
     libs 5.3Mb
Flavors: r-devel-linux-x86_64-fedora-clang, r-release-macos-arm64, r-release-macos-x86_64, r-oldrel-macos-x86_64

Version: 2.1.7
Check: whether package can be installed
Result: ERROR
    Installation failed.
Flavor: r-devel-windows-x86_64-gcc10-UCRT