CRAN Package Check Results for Package PRIMAL

Last updated on 2021-09-22 04:55:11 CEST.

Flavor Version Tinstall Tcheck Ttotal Status Flags
r-devel-linux-x86_64-debian-clang 1.0.2 49.92 66.77 116.69 OK
r-devel-linux-x86_64-debian-gcc 1.0.2 36.76 53.40 90.16 OK
r-devel-linux-x86_64-fedora-clang 1.0.2 162.38 NOTE
r-devel-linux-x86_64-fedora-gcc 1.0.2 147.65 NOTE
r-devel-windows-x86_64 1.0.2 42.00 82.00 124.00 OK
r-devel-windows-x86_64-gcc10-UCRT 1.0.2 ERROR
r-patched-linux-x86_64 1.0.2 42.15 66.50 108.65 OK
r-patched-solaris-x86 1.0.2 167.20 OK
r-release-linux-x86_64 1.0.2 43.83 66.85 110.68 OK
r-release-macos-arm64 1.0.2 NOTE
r-release-macos-x86_64 1.0.2 NOTE
r-release-windows-ix86+x86_64 1.0.2 107.00 136.00 243.00 OK
r-oldrel-macos-x86_64 1.0.2 NOTE
r-oldrel-windows-ix86+x86_64 1.0.2 100.00 97.00 197.00 OK

Check Details

Version: 1.0.2
Check: installed package size
Result: NOTE
     installed size is 8.9Mb
     sub-directories of 1Mb or more:
     libs 8.4Mb
Flavors: r-devel-linux-x86_64-fedora-clang, r-release-macos-arm64, r-release-macos-x86_64, r-oldrel-macos-x86_64

Version: 1.0.2
Check: compiled code
Result: NOTE
    File ‘PRIMAL/libs/PRIMAL.so’:
     Found no calls to: ‘R_registerRoutines’, ‘R_useDynamicSymbols’
    
    It is good practice to register native routines and to disable symbol
    search.
    
    See ‘Writing portable packages’ in the ‘Writing R Extensions’ manual.
Flavors: r-devel-linux-x86_64-fedora-clang, r-devel-linux-x86_64-fedora-gcc

Version: 1.0.2
Check: whether package can be installed
Result: ERROR
    Installation failed.
Flavor: r-devel-windows-x86_64-gcc10-UCRT