CRAN Package Check Results for Package PSCBS

Last updated on 2021-09-24 07:49:27 CEST.

Flavor Version Tinstall Tcheck Ttotal Status Flags
r-devel-linux-x86_64-debian-clang 0.65.0 20.20 308.37 328.57 OK
r-devel-linux-x86_64-debian-gcc 0.65.0 15.65 240.06 255.71 OK
r-devel-linux-x86_64-fedora-clang 0.65.0 397.02 OK
r-devel-linux-x86_64-fedora-gcc 0.65.0 400.28 OK
r-devel-windows-x86_64 0.65.0 22.00 311.00 333.00 OK
r-devel-windows-x86_64-gcc10-UCRT 0.65.0 OK
r-patched-linux-x86_64 0.65.0 25.79 310.80 336.59 OK
r-patched-solaris-x86 0.65.0 758.60 OK
r-release-linux-x86_64 0.65.0 18.17 311.84 330.01 OK
r-release-macos-arm64 0.65.0 OK
r-release-macos-x86_64 0.65.0 ERROR
r-release-windows-ix86+x86_64 0.65.0 32.00 436.00 468.00 OK
r-oldrel-macos-x86_64 0.65.0 OK
r-oldrel-windows-ix86+x86_64 0.65.0 22.00 330.00 352.00 OK

Check Details

Version: 0.65.0
Check: running R code from vignettes
Result: ERROR
    Errors in running code in vignettes:
    when running code in ‘CBS.tex.rsp’
     ...
    
    > t0 <- Sys.time()
    
    > R.utils::use("R.utils")
    
    > R.rsp <- R.oo::Package("R.rsp")
    
     When sourcing ‘CBS.R’:
    Error: Package is not installed: R.rsp
    Execution halted
    
     ‘CBS.tex.rsp’... failed
     ‘PairedPSCBS.tex.rsp’... [25s/31s] OK
Flavor: r-release-macos-x86_64