CRAN Package Check Results for Package PSF

Last updated on 2021-10-28 19:52:09 CEST.

Flavor Version Tinstall Tcheck Ttotal Status Flags
r-devel-linux-x86_64-debian-clang 0.4 2.75 52.52 55.27 NOTE
r-devel-linux-x86_64-debian-gcc 0.4 2.21 38.25 40.46 NOTE
r-devel-linux-x86_64-fedora-clang 0.4 75.71 NOTE
r-devel-linux-x86_64-fedora-gcc 0.4 62.24 NOTE
r-devel-windows-x86_64 0.4 5.00 74.00 79.00 NOTE
r-devel-windows-x86_64-gcc10-UCRT 0.4 NOTE
r-patched-linux-x86_64 0.4 2.55 29.34 31.89 NOTE
r-patched-solaris-x86 0.4 90.10 NOTE
r-release-linux-x86_64 0.4 2.46 29.31 31.77 NOTE
r-release-macos-arm64 0.4 NOTE
r-release-macos-x86_64 0.4 NOTE
r-release-windows-ix86+x86_64 0.4 5.00 49.00 54.00 NOTE
r-oldrel-macos-x86_64 0.4 NOTE
r-oldrel-windows-ix86+x86_64 0.4 5.00 48.00 53.00 NOTE

Check Details

Version: 0.4
Check: LazyData
Result: NOTE
     'LazyData' is specified without a 'data' directory
Flavors: r-devel-linux-x86_64-debian-clang, r-devel-linux-x86_64-debian-gcc, r-devel-linux-x86_64-fedora-clang, r-devel-linux-x86_64-fedora-gcc, r-devel-windows-x86_64, r-devel-windows-x86_64-gcc10-UCRT, r-patched-linux-x86_64, r-patched-solaris-x86, r-release-linux-x86_64, r-release-macos-arm64, r-release-macos-x86_64, r-release-windows-ix86+x86_64

Version: 0.4
Check: package vignettes
Result: NOTE
    Package vignette with placeholder title 'Vignette Title':
     'PSF_vignette.Rmd'
Flavors: r-devel-linux-x86_64-debian-clang, r-devel-linux-x86_64-debian-gcc, r-devel-windows-x86_64, r-patched-linux-x86_64, r-release-linux-x86_64, r-release-windows-ix86+x86_64, r-oldrel-windows-ix86+x86_64

Version: 0.4
Check: dependencies in R code
Result: NOTE
    Namespaces in Imports field not imported from:
     ‘forecast’ ‘knitr’
     All declared Imports should be used.
Flavors: r-devel-linux-x86_64-fedora-clang, r-devel-linux-x86_64-fedora-gcc, r-devel-windows-x86_64-gcc10-UCRT, r-patched-solaris-x86, r-release-macos-arm64, r-release-macos-x86_64, r-oldrel-macos-x86_64