CRAN Package Check Results for Package PUlasso

Last updated on 2021-09-24 22:53:03 CEST.

Flavor Version Tinstall Tcheck Ttotal Status Flags
r-devel-linux-x86_64-debian-clang 3.2.4 204.07 114.18 318.25 OK
r-devel-linux-x86_64-debian-gcc 3.2.4 140.95 87.00 227.95 OK
r-devel-linux-x86_64-fedora-clang 3.2.4 449.86 NOTE
r-devel-linux-x86_64-fedora-gcc 3.2.4 405.75 OK
r-devel-windows-x86_64 3.2.4 163.00 119.00 282.00 OK
r-devel-windows-x86_64-gcc10-UCRT 3.2.4 OK
r-patched-linux-x86_64 3.2.4 150.57 109.45 260.02 OK
r-patched-solaris-x86 3.2.4 386.00 OK
r-release-linux-x86_64 3.2.4 163.53 108.39 271.92 OK
r-release-macos-arm64 3.2.4 NOTE
r-release-macos-x86_64 3.2.4 NOTE
r-release-windows-ix86+x86_64 3.2.4 422.00 213.00 635.00 OK
r-oldrel-macos-x86_64 3.2.4 NOTE
r-oldrel-windows-ix86+x86_64 3.2.4 315.00 158.00 473.00 OK

Check Details

Version: 3.2.4
Check: installed package size
Result: NOTE
     installed size is 31.9Mb
     sub-directories of 1Mb or more:
     libs 31.4Mb
Flavors: r-devel-linux-x86_64-fedora-clang, r-release-macos-arm64, r-release-macos-x86_64, r-oldrel-macos-x86_64