CRAN Package Check Results for Package PWD

Last updated on 2021-09-21 01:50:27 CEST.

Flavor Version Tinstall Tcheck Ttotal Status Flags
r-devel-linux-x86_64-debian-clang 1.0 29.34 28.33 57.67 OK
r-devel-linux-x86_64-debian-gcc 1.0 21.90 22.46 44.36 OK
r-devel-linux-x86_64-fedora-clang 1.0 93.27 NOTE
r-devel-linux-x86_64-fedora-gcc 1.0 75.17 NOTE
r-devel-windows-x86_64 1.0 30.00 42.00 72.00 OK
r-devel-windows-x86_64-gcc10-UCRT 1.0 ERROR
r-patched-linux-x86_64 1.0 25.36 27.83 53.19 OK
r-patched-solaris-x86 1.0 89.70 OK
r-release-linux-x86_64 1.0 24.53 27.84 52.37 OK
r-release-macos-arm64 1.0 OK
r-release-macos-x86_64 1.0 OK
r-release-windows-ix86+x86_64 1.0 80.00 67.00 147.00 OK
r-oldrel-macos-x86_64 1.0 OK
r-oldrel-windows-ix86+x86_64 1.0 77.00 54.00 131.00 OK

Check Details

Version: 1.0
Check: compiled code
Result: NOTE
    File ‘PWD/libs/PWD.so’:
     Found no calls to: ‘R_registerRoutines’, ‘R_useDynamicSymbols’
    
    It is good practice to register native routines and to disable symbol
    search.
    
    See ‘Writing portable packages’ in the ‘Writing R Extensions’ manual.
Flavors: r-devel-linux-x86_64-fedora-clang, r-devel-linux-x86_64-fedora-gcc

Version: 1.0
Check: whether package can be installed
Result: ERROR
    Installation failed.
Flavor: r-devel-windows-x86_64-gcc10-UCRT