CRAN Package Check Results for Package PaRe

Last updated on 2024-04-19 22:55:56 CEST.

Flavor Version Tinstall Tcheck Ttotal Status Flags
r-devel-linux-x86_64-debian-clang 0.1.12 10.54 115.41 125.95 NOTE
r-devel-linux-x86_64-debian-gcc 0.1.12 NOTE
r-devel-linux-x86_64-fedora-clang 0.1.12 156.97 NOTE
r-devel-linux-x86_64-fedora-gcc 0.1.12 159.15 NOTE
r-prerel-macos-arm64 0.1.12 52.00 NOTE
r-prerel-windows-x86_64 0.1.12 13.00 108.00 121.00 NOTE
r-patched-linux-x86_64 0.1.12 7.82 108.57 116.39 NOTE
r-release-linux-x86_64 0.1.12 7.53 110.22 117.75 OK
r-release-macos-arm64 0.1.12 59.00 OK
r-release-macos-x86_64 0.1.12 110.00 OK
r-release-windows-x86_64 0.1.12 14.00 125.00 139.00 OK
r-oldrel-macos-arm64 0.1.12 54.00 OK
r-oldrel-windows-x86_64 0.1.12 16.00 131.00 147.00 OK

Check Details

Version: 0.1.12
Check: Rd files
Result: NOTE checkRd: (-1) Code.Rd:68: Lost braces 68 | ([base]{character}) | ^ checkRd: (-1) printMessage.Rd:10: Lost braces 10 | \item{notPermitted}{([base]{data.frame})} | ^ checkRd: (-1) printMessage.Rd:12: Lost braces 12 | \item{versionCheck}{([base]{data.frame})} | ^ Flavors: r-devel-linux-x86_64-debian-clang, r-devel-linux-x86_64-debian-gcc, r-devel-linux-x86_64-fedora-clang, r-devel-linux-x86_64-fedora-gcc, r-prerel-macos-arm64, r-prerel-windows-x86_64, r-patched-linux-x86_64

Version: 0.1.12
Check: Rd cross-references
Result: NOTE Undeclared packages ‘tidygraph’, ‘htmlwidgets’ in Rd xrefs Flavor: r-devel-linux-x86_64-fedora-clang