CRAN Package Check Results for Package PakPMICS2014Wm

Last updated on 2021-10-18 19:51:44 CEST.

Flavor Version Tinstall Tcheck Ttotal Status Flags
r-devel-linux-x86_64-debian-clang 0.1.1 29.14 34.95 64.09 OK
r-devel-linux-x86_64-debian-gcc 0.1.1 25.59 27.44 53.03 OK
r-devel-linux-x86_64-fedora-clang 0.1.1 95.25 NOTE
r-devel-linux-x86_64-fedora-gcc 0.1.1 82.88 NOTE
r-devel-windows-x86_64 0.1.1 41.00 51.00 92.00 OK
r-devel-windows-x86_64-gcc10-UCRT 0.1.1 NOTE
r-patched-linux-x86_64 0.1.1 29.47 33.66 63.13 OK
r-patched-solaris-x86 0.1.1 189.80 NOTE
r-release-linux-x86_64 0.1.1 28.88 33.57 62.45 OK
r-release-macos-arm64 0.1.1 NOTE
r-release-macos-x86_64 0.1.1 NOTE
r-release-windows-ix86+x86_64 0.1.1 32.00 56.00 88.00 OK
r-oldrel-macos-x86_64 0.1.1 NOTE
r-oldrel-windows-ix86+x86_64 0.1.1 42.00 53.00 95.00 OK

Check Details

Version: 0.1.1
Check: dependencies in R code
Result: NOTE
    Namespace in Imports field not imported from: ‘stats’
     All declared Imports should be used.
Flavors: r-devel-linux-x86_64-fedora-clang, r-devel-linux-x86_64-fedora-gcc, r-devel-windows-x86_64-gcc10-UCRT, r-patched-solaris-x86, r-release-macos-arm64, r-release-macos-x86_64, r-oldrel-macos-x86_64