CRAN Package Check Results for Package PanelCount

Last updated on 2021-09-20 22:55:41 CEST.

Flavor Version Tinstall Tcheck Ttotal Status Flags
r-devel-linux-x86_64-debian-clang 1.0.9 33.77 36.59 70.36 OK
r-devel-linux-x86_64-debian-gcc 1.0.9 23.06 28.45 51.51 OK
r-devel-linux-x86_64-fedora-clang 1.0.9 100.97 NOTE
r-devel-linux-x86_64-fedora-gcc 1.0.9 85.07 NOTE
r-devel-windows-x86_64 1.0.9 31.00 47.00 78.00 OK
r-devel-windows-x86_64-gcc10-UCRT 1.0.9 ERROR
r-patched-linux-x86_64 1.0.9 25.61 35.42 61.03 OK
r-patched-solaris-x86 1.0.9 97.50 OK
r-release-linux-x86_64 1.0.9 27.87 35.23 63.10 OK
r-release-macos-arm64 1.0.9 OK
r-release-macos-x86_64 1.0.9 OK
r-release-windows-ix86+x86_64 1.0.9 77.00 79.00 156.00 OK
r-oldrel-macos-x86_64 1.0.9 OK
r-oldrel-windows-ix86+x86_64 1.0.9 75.00 59.00 134.00 OK

Check Details

Version: 1.0.9
Check: compiled code
Result: NOTE
    File ‘PanelCount/libs/PanelCount.so’:
     Found no calls to: ‘R_registerRoutines’, ‘R_useDynamicSymbols’
    
    It is good practice to register native routines and to disable symbol
    search.
    
    See ‘Writing portable packages’ in the ‘Writing R Extensions’ manual.
Flavors: r-devel-linux-x86_64-fedora-clang, r-devel-linux-x86_64-fedora-gcc

Version: 1.0.9
Check: whether package can be installed
Result: ERROR
    Installation failed.
Flavor: r-devel-windows-x86_64-gcc10-UCRT