CRAN Package Check Results for Package PeerPerformance

Last updated on 2021-09-20 22:55:41 CEST.

Flavor Version Tinstall Tcheck Ttotal Status Flags
r-devel-linux-x86_64-debian-clang 2.2.5 6.54 47.42 53.96 OK
r-devel-linux-x86_64-debian-gcc 2.2.5 5.24 35.93 41.17 OK
r-devel-linux-x86_64-fedora-clang 2.2.5 77.40 OK
r-devel-linux-x86_64-fedora-gcc 2.2.5 63.64 OK
r-devel-windows-x86_64 2.2.5 8.00 58.00 66.00 OK
r-devel-windows-x86_64-gcc10-UCRT 2.2.5 ERROR
r-patched-linux-x86_64 2.2.5 7.84 45.52 53.36 OK
r-patched-solaris-x86 2.2.5 103.60 OK
r-release-linux-x86_64 2.2.5 6.50 46.01 52.51 OK
r-release-macos-arm64 2.2.5 OK
r-release-macos-x86_64 2.2.5 OK
r-release-windows-ix86+x86_64 2.2.5 14.00 81.00 95.00 OK
r-oldrel-macos-x86_64 2.2.5 OK
r-oldrel-windows-ix86+x86_64 2.2.5 17.00 55.00 72.00 OK

Check Details

Version: 2.2.5
Check: whether package can be installed
Result: WARN
    Found the following significant warnings:
     WARNING: installation-time patches will not be applied, could not get the patches index
Flavor: r-devel-windows-x86_64-gcc10-UCRT

Version: 2.2.5
Check: PDF version of manual
Result: WARN
    LaTeX errors when creating PDF version.
    This typically indicates Rd problems.
Flavor: r-devel-windows-x86_64-gcc10-UCRT

Version: 2.2.5
Check: PDF version of manual without hyperrefs or index
Result: ERROR
    Re-running with no redirection of stdout/stderr.
Flavor: r-devel-windows-x86_64-gcc10-UCRT