CRAN Package Check Results for Package PermAlgo

Last updated on 2021-10-18 19:51:45 CEST.

Flavor Version Tinstall Tcheck Ttotal Status Flags
r-devel-linux-x86_64-debian-clang 1.1 2.02 26.79 28.81 NOTE
r-devel-linux-x86_64-debian-gcc 1.1 1.50 21.64 23.14 NOTE
r-devel-linux-x86_64-fedora-clang 1.1 46.90 NOTE
r-devel-linux-x86_64-fedora-gcc 1.1 35.20 NOTE
r-devel-windows-x86_64 1.1 4.00 43.00 47.00 NOTE
r-devel-windows-x86_64-gcc10-UCRT 1.1 NOTE
r-patched-linux-x86_64 1.1 2.01 26.69 28.70 NOTE
r-patched-solaris-x86 1.1 55.70 NOTE
r-release-linux-x86_64 1.1 1.68 26.82 28.50 NOTE
r-release-macos-arm64 1.1 NOTE
r-release-macos-x86_64 1.1 NOTE
r-release-windows-ix86+x86_64 1.1 5.00 43.00 48.00 NOTE
r-oldrel-macos-x86_64 1.1 FAIL
r-oldrel-windows-ix86+x86_64 1.1 5.00 40.00 45.00 NOTE

Check Details

Version: 1.1
Check: R code for possible problems
Result: NOTE
    permalgorithm: no visible global function definition for 'is'
    Undefined global functions or variables:
     is
    Consider adding
     importFrom("methods", "is")
    to your NAMESPACE file (and ensure that your DESCRIPTION Imports field
    contains 'methods').
Flavors: r-devel-linux-x86_64-debian-clang, r-devel-linux-x86_64-debian-gcc, r-devel-linux-x86_64-fedora-clang, r-devel-linux-x86_64-fedora-gcc, r-devel-windows-x86_64, r-devel-windows-x86_64-gcc10-UCRT, r-patched-linux-x86_64, r-patched-solaris-x86, r-release-linux-x86_64, r-release-macos-arm64, r-release-macos-x86_64, r-release-windows-ix86+x86_64, r-oldrel-macos-x86_64, r-oldrel-windows-ix86+x86_64

Version: 1.1
Check: Rd \usage sections
Result: FAIL
Flavor: r-oldrel-macos-x86_64