CRAN Package Check Results for Package PetfindeR

Last updated on 2024-07-21 22:48:52 CEST.

Flavor Version Tinstall Tcheck Ttotal Status Flags
r-devel-linux-x86_64-debian-clang 2.1.0 3.73 28.09 31.82 NOTE
r-devel-linux-x86_64-debian-gcc 2.1.0 2.49 21.96 24.45 NOTE
r-devel-linux-x86_64-fedora-clang 2.1.0 41.92 NOTE
r-devel-linux-x86_64-fedora-gcc 2.1.0 55.11 NOTE
r-devel-windows-x86_64 2.1.0 4.00 47.00 51.00 NOTE
r-patched-linux-x86_64 2.1.0 3.42 26.79 30.21 NOTE
r-release-linux-x86_64 2.1.0 3.31 27.68 30.99 NOTE
r-release-macos-arm64 2.1.0 22.00 NOTE
r-release-macos-x86_64 2.1.0 34.00 NOTE
r-release-windows-x86_64 2.1.0 4.00 44.00 48.00 NOTE
r-oldrel-macos-arm64 2.1.0 22.00 NOTE
r-oldrel-macos-x86_64 2.1.0 32.00 NOTE
r-oldrel-windows-x86_64 2.1.0 3.00 45.00 48.00 NOTE

Check Details

Version: 2.1.0
Check: LazyData
Result: NOTE 'LazyData' is specified without a 'data' directory Flavors: r-devel-linux-x86_64-debian-clang, r-devel-linux-x86_64-debian-gcc, r-devel-linux-x86_64-fedora-clang, r-devel-linux-x86_64-fedora-gcc, r-devel-windows-x86_64, r-patched-linux-x86_64, r-release-linux-x86_64, r-release-macos-arm64, r-release-macos-x86_64, r-release-windows-x86_64, r-oldrel-macos-arm64, r-oldrel-macos-x86_64, r-oldrel-windows-x86_64

Version: 2.1.0
Check: dependencies in R code
Result: NOTE Namespace in Imports field not imported from: ‘R6’ All declared Imports should be used. Flavors: r-devel-linux-x86_64-fedora-clang, r-devel-linux-x86_64-fedora-gcc