CRAN Package Check Results for Package Phase123

Last updated on 2024-06-13 04:52:35 CEST.

Flavor Version Tinstall Tcheck Ttotal Status Flags
r-devel-linux-x86_64-debian-clang 2.1 46.80 81.19 127.99 NOTE
r-devel-linux-x86_64-debian-gcc 2.1 33.35 58.91 92.26 NOTE
r-devel-linux-x86_64-fedora-clang 2.1 183.68 NOTE
r-devel-linux-x86_64-fedora-gcc 2.1 169.41 NOTE
r-devel-windows-x86_64 2.1 38.00 99.00 137.00 NOTE
r-patched-linux-x86_64 2.1 45.64 75.07 120.71 NOTE
r-release-linux-x86_64 2.1 38.39 75.21 113.60 NOTE
r-release-macos-arm64 2.1 45.00 NOTE
r-release-macos-x86_64 2.1 75.00 NOTE
r-release-windows-x86_64 2.1 39.00 105.00 144.00 NOTE
r-oldrel-macos-arm64 2.1 53.00 NOTE
r-oldrel-macos-x86_64 2.1 86.00 NOTE
r-oldrel-windows-x86_64 2.1 47.00 121.00 168.00 NOTE

Check Details

Version: 2.1
Check: LazyData
Result: NOTE 'LazyData' is specified without a 'data' directory Flavors: r-devel-linux-x86_64-debian-clang, r-devel-linux-x86_64-debian-gcc, r-devel-linux-x86_64-fedora-clang, r-devel-linux-x86_64-fedora-gcc, r-devel-windows-x86_64, r-patched-linux-x86_64, r-release-linux-x86_64, r-release-macos-arm64, r-release-macos-x86_64, r-release-windows-x86_64, r-oldrel-macos-arm64, r-oldrel-macos-x86_64, r-oldrel-windows-x86_64