CRAN Package Check Results for Package Phase123

Last updated on 2021-09-17 04:49:28 CEST.

Flavor Version Tinstall Tcheck Ttotal Status Flags
r-devel-linux-x86_64-debian-clang 2.1 47.35 74.17 121.52 NOTE
r-devel-linux-x86_64-debian-gcc 2.1 34.56 56.71 91.27 NOTE
r-devel-linux-x86_64-fedora-clang 2.1 168.94 NOTE
r-devel-linux-x86_64-fedora-gcc 2.1 145.67 NOTE
r-devel-windows-x86_64 2.1 40.00 117.00 157.00 NOTE
r-devel-windows-x86_64-gcc10-UCRT 2.1 NOTE
r-patched-linux-x86_64 2.1 39.31 70.33 109.64 NOTE
r-patched-solaris-x86 2.1 188.20 NOTE
r-release-linux-x86_64 2.1 38.56 71.34 109.90 NOTE
r-release-macos-arm64 2.1 NOTE
r-release-macos-x86_64 2.1 NOTE
r-release-windows-ix86+x86_64 2.1 104.00 154.00 258.00 NOTE
r-oldrel-macos-x86_64 2.1 OK
r-oldrel-windows-ix86+x86_64 2.1 74.00 149.00 223.00 OK

Check Details

Version: 2.1
Check: LazyData
Result: NOTE
     'LazyData' is specified without a 'data' directory
Flavors: r-devel-linux-x86_64-debian-clang, r-devel-linux-x86_64-debian-gcc, r-devel-linux-x86_64-fedora-clang, r-devel-linux-x86_64-fedora-gcc, r-devel-windows-x86_64, r-devel-windows-x86_64-gcc10-UCRT, r-patched-linux-x86_64, r-patched-solaris-x86, r-release-linux-x86_64, r-release-macos-arm64, r-release-macos-x86_64, r-release-windows-ix86+x86_64