CRAN Package Check Results for Package Phenotype

Last updated on 2021-09-21 01:50:25 CEST.

Flavor Version Tinstall Tcheck Ttotal Status Flags
r-devel-linux-x86_64-debian-clang 0.1.0 10.15 88.47 98.62 OK
r-devel-linux-x86_64-debian-gcc 0.1.0 7.88 67.20 75.08 OK
r-devel-linux-x86_64-fedora-clang 0.1.0 132.07 OK
r-devel-linux-x86_64-fedora-gcc 0.1.0 114.84 OK
r-devel-windows-x86_64 0.1.0 12.00 84.00 96.00 OK
r-devel-windows-x86_64-gcc10-UCRT 0.1.0 ERROR
r-patched-linux-x86_64 0.1.0 10.03 83.47 93.50 OK
r-patched-solaris-x86 0.1.0 163.60 OK
r-release-linux-x86_64 0.1.0 9.07 83.63 92.70 OK
r-release-macos-arm64 0.1.0 OK
r-release-macos-x86_64 0.1.0 OK
r-release-windows-ix86+x86_64 0.1.0 26.00 109.00 135.00 OK
r-oldrel-macos-x86_64 0.1.0 OK
r-oldrel-windows-ix86+x86_64 0.1.0 27.00 80.00 107.00 OK

Check Details

Version: 0.1.0
Check: whether package can be installed
Result: WARN
    Found the following significant warnings:
     WARNING: installation-time patches will not be applied, could not get the patches index
Flavor: r-devel-windows-x86_64-gcc10-UCRT

Version: 0.1.0
Check: PDF version of manual
Result: WARN
    LaTeX errors when creating PDF version.
    This typically indicates Rd problems.
Flavor: r-devel-windows-x86_64-gcc10-UCRT

Version: 0.1.0
Check: PDF version of manual without hyperrefs or index
Result: ERROR
    Re-running with no redirection of stdout/stderr.
Flavor: r-devel-windows-x86_64-gcc10-UCRT