CRAN Package Check Results for Package PieceExpIntensity

Last updated on 2021-09-21 01:50:25 CEST.

Flavor Version Tinstall Tcheck Ttotal Status Flags
r-devel-linux-x86_64-debian-clang 1.0.4 29.76 26.74 56.50 NOTE
r-devel-linux-x86_64-debian-gcc 1.0.4 19.17 21.36 40.53 NOTE
r-devel-linux-x86_64-fedora-clang 1.0.4 91.28 NOTE
r-devel-linux-x86_64-fedora-gcc 1.0.4 72.12 NOTE
r-devel-windows-x86_64 1.0.4 33.00 41.00 74.00 NOTE
r-devel-windows-x86_64-gcc10-UCRT 1.0.4 ERROR
r-patched-linux-x86_64 1.0.4 29.06 26.28 55.34 NOTE
r-patched-solaris-x86 1.0.4 89.10 NOTE
r-release-linux-x86_64 1.0.4 29.90 26.24 56.14 NOTE
r-release-macos-arm64 1.0.4 NOTE
r-release-macos-x86_64 1.0.4 NOTE
r-release-windows-ix86+x86_64 1.0.4 76.00 73.00 149.00 NOTE
r-oldrel-macos-x86_64 1.0.4 OK
r-oldrel-windows-ix86+x86_64 1.0.4 77.00 54.00 131.00 OK

Check Details

Version: 1.0.4
Check: LazyData
Result: NOTE
     'LazyData' is specified without a 'data' directory
Flavors: r-devel-linux-x86_64-debian-clang, r-devel-linux-x86_64-debian-gcc, r-devel-linux-x86_64-fedora-clang, r-devel-linux-x86_64-fedora-gcc, r-devel-windows-x86_64, r-patched-linux-x86_64, r-patched-solaris-x86, r-release-linux-x86_64, r-release-macos-arm64, r-release-macos-x86_64, r-release-windows-ix86+x86_64

Version: 1.0.4
Check: whether package can be installed
Result: ERROR
    Installation failed.
Flavor: r-devel-windows-x86_64-gcc10-UCRT