CRAN Package Check Results for Package Pijavski

Last updated on 2021-09-20 22:55:42 CEST.

Flavor Version Tinstall Tcheck Ttotal Status Flags
r-devel-linux-x86_64-debian-clang 1.0.3 20.26 25.62 45.88 NOTE
r-devel-linux-x86_64-debian-gcc 1.0.3 11.88 20.23 32.11 NOTE
r-devel-linux-x86_64-fedora-clang 1.0.3 70.94 NOTE
r-devel-linux-x86_64-fedora-gcc 1.0.3 53.60 NOTE
r-devel-windows-x86_64 1.0.3 22.00 42.00 64.00 NOTE
r-devel-windows-x86_64-gcc10-UCRT 1.0.3 ERROR
r-patched-linux-x86_64 1.0.3 13.94 24.78 38.72 NOTE
r-patched-solaris-x86 1.0.3 69.00 NOTE
r-release-linux-x86_64 1.0.3 13.30 24.96 38.26 NOTE
r-release-macos-arm64 1.0.3 NOTE
r-release-macos-x86_64 1.0.3 NOTE
r-release-windows-ix86+x86_64 1.0.3 48.00 69.00 117.00 NOTE
r-oldrel-macos-x86_64 1.0.3 OK
r-oldrel-windows-ix86+x86_64 1.0.3 46.00 53.00 99.00 OK

Check Details

Version: 1.0.3
Check: LazyData
Result: NOTE
     'LazyData' is specified without a 'data' directory
Flavors: r-devel-linux-x86_64-debian-clang, r-devel-linux-x86_64-debian-gcc, r-devel-linux-x86_64-fedora-clang, r-devel-linux-x86_64-fedora-gcc, r-devel-windows-x86_64, r-patched-linux-x86_64, r-patched-solaris-x86, r-release-linux-x86_64, r-release-macos-arm64, r-release-macos-x86_64, r-release-windows-ix86+x86_64

Version: 1.0.3
Check: whether package can be installed
Result: ERROR
    Installation failed.
Flavor: r-devel-windows-x86_64-gcc10-UCRT