CRAN Package Check Results for Package Plasmidprofiler

Last updated on 2025-01-13 09:48:36 CET.

Flavor Version Tinstall Tcheck Ttotal Status Flags
r-devel-linux-x86_64-debian-clang 0.1.6 7.41 61.03 68.44 NOTE
r-devel-linux-x86_64-debian-gcc 0.1.6 4.22 43.51 47.73 NOTE
r-devel-linux-x86_64-fedora-clang 0.1.6 109.18 NOTE
r-devel-linux-x86_64-fedora-gcc 0.1.6 103.37 NOTE
r-devel-windows-x86_64 0.1.6 8.00 85.00 93.00 OK
r-patched-linux-x86_64 0.1.6 6.74 54.26 61.00 NOTE
r-release-linux-x86_64 0.1.6 4.87 55.10 59.97 NOTE
r-release-macos-arm64 0.1.6 36.00 OK
r-release-macos-x86_64 0.1.6 51.00 OK
r-release-windows-x86_64 0.1.6 9.00 78.00 87.00 OK
r-oldrel-macos-arm64 0.1.6 35.00 OK
r-oldrel-macos-x86_64 0.1.6 48.00 OK
r-oldrel-windows-x86_64 0.1.6 10.00 91.00 101.00 OK

Check Details

Version: 0.1.6
Check: for non-standard things in the check directory
Result: NOTE Found the following files/directories: ‘P2Run.csv’ ‘P2Run.html’ ‘P2Run.png’ Flavors: r-devel-linux-x86_64-debian-clang, r-devel-linux-x86_64-debian-gcc, r-devel-linux-x86_64-fedora-clang, r-devel-linux-x86_64-fedora-gcc, r-patched-linux-x86_64, r-release-linux-x86_64