CRAN Package Check Results for Package Plasmidprofiler

Last updated on 2021-09-17 04:49:28 CEST.

Flavor Version Tinstall Tcheck Ttotal Status Flags
r-devel-linux-x86_64-debian-clang 0.1.6 7.42 71.37 78.79 NOTE
r-devel-linux-x86_64-debian-gcc 0.1.6 5.93 53.16 59.09 NOTE
r-devel-linux-x86_64-fedora-clang 0.1.6 101.97 NOTE
r-devel-linux-x86_64-fedora-gcc 0.1.6 87.20 NOTE
r-devel-windows-x86_64 0.1.6 9.00 85.00 94.00 OK
r-devel-windows-x86_64-gcc10-UCRT 0.1.6 OK
r-patched-linux-x86_64 0.1.6 7.57 65.84 73.41 NOTE
r-patched-solaris-x86 0.1.6 130.00 NOTE
r-release-linux-x86_64 0.1.6 7.00 65.72 72.72 NOTE
r-release-macos-arm64 0.1.6 OK
r-release-macos-x86_64 0.1.6 OK
r-release-windows-ix86+x86_64 0.1.6 18.00 98.00 116.00 OK
r-oldrel-macos-x86_64 0.1.6 OK
r-oldrel-windows-ix86+x86_64 0.1.6 15.00 86.00 101.00 OK

Check Details

Version: 0.1.6
Check: for non-standard things in the check directory
Result: NOTE
    Found the following files/directories:
     'P2Run.csv' 'P2Run.html' 'P2Run.png'
Flavors: r-devel-linux-x86_64-debian-clang, r-devel-linux-x86_64-debian-gcc, r-devel-linux-x86_64-fedora-clang, r-devel-linux-x86_64-fedora-gcc, r-patched-linux-x86_64, r-release-linux-x86_64

Version: 0.1.6
Check: for non-standard things in the check directory
Result: NOTE
    Found the following files/directories:
     ‘P2Run.csv’ ‘P2Run.png’
Flavor: r-patched-solaris-x86