CRAN Package Check Results for Package PopGenReport

Last updated on 2021-09-17 13:53:33 CEST.

Flavor Version Tinstall Tcheck Ttotal Status Flags
r-devel-linux-x86_64-debian-clang 3.0.4 26.61 262.46 289.07 OK
r-devel-linux-x86_64-debian-gcc 3.0.4 22.68 194.92 217.60 OK
r-devel-linux-x86_64-fedora-clang 3.0.4 344.02 NOTE
r-devel-linux-x86_64-fedora-gcc 3.0.4 340.35 OK
r-devel-windows-x86_64 3.0.4 32.00 306.00 338.00 OK
r-devel-windows-x86_64-gcc10-UCRT 3.0.4 OK
r-patched-linux-x86_64 3.0.4 33.84 246.16 280.00 OK
r-patched-solaris-x86 3.0.4 507.70 OK
r-release-linux-x86_64 3.0.4 22.52 245.85 268.37 OK
r-release-macos-arm64 3.0.4 OK
r-release-macos-x86_64 3.0.4 OK
r-release-windows-ix86+x86_64 3.0.4 60.00 278.00 338.00 OK
r-oldrel-macos-x86_64 3.0.4 OK
r-oldrel-windows-ix86+x86_64 3.0.4 60.00 285.00 345.00 OK

Check Details

Version: 3.0.4
Check: package dependencies
Result: NOTE
    Imports includes 21 non-default packages.
    Importing from so many packages makes the package vulnerable to any of
    them becoming unavailable. Move as many as possible to Suggests and
    use conditionally.
Flavor: r-devel-linux-x86_64-fedora-clang

Version: 3.0.4
Check: Rd cross-references
Result: NOTE
    Undeclared package ‘ecodist’ in Rd xrefs
Flavor: r-devel-linux-x86_64-fedora-clang