CRAN Package Check Results for Package PriceIndices

Last updated on 2021-09-23 13:54:59 CEST.

Flavor Version Tinstall Tcheck Ttotal Status Flags
r-devel-linux-x86_64-debian-clang 0.0.5 15.01 138.30 153.31 OK
r-devel-linux-x86_64-debian-gcc 0.0.5 14.03 101.02 115.05 OK
r-devel-linux-x86_64-fedora-clang 0.0.5 189.99 OK
r-devel-linux-x86_64-fedora-gcc 0.0.5 178.35 OK
r-devel-windows-x86_64 0.0.5 19.00 128.00 147.00 OK
r-devel-windows-x86_64-gcc10-UCRT 0.0.5 ERROR
r-patched-linux-x86_64 0.0.5 17.65 130.64 148.29 OK
r-patched-solaris-x86 0.0.5 230.70 OK
r-release-linux-x86_64 0.0.5 16.14 130.30 146.44 OK
r-release-macos-arm64 0.0.5 OK
r-release-macos-x86_64 0.0.5 OK
r-release-windows-ix86+x86_64 0.0.5 28.00 164.00 192.00 OK
r-oldrel-macos-x86_64 0.0.5 OK
r-oldrel-windows-ix86+x86_64 0.0.5 21.00 122.00 143.00 OK

Check Details

Version: 0.0.5
Check: PDF version of manual
Result: WARN
    LaTeX errors when creating PDF version.
    This typically indicates Rd problems.
Flavor: r-devel-windows-x86_64-gcc10-UCRT

Version: 0.0.5
Check: PDF version of manual without hyperrefs or index
Result: ERROR
    Re-running with no redirection of stdout/stderr.
Flavor: r-devel-windows-x86_64-gcc10-UCRT