CRAN Package Check Results for Package PublicationBias

Last updated on 2021-10-17 10:49:24 CEST.

Flavor Version Tinstall Tcheck Ttotal Status Flags
r-devel-linux-x86_64-debian-clang 2.2.0 9.92 88.59 98.51 NOTE
r-devel-linux-x86_64-debian-gcc 2.2.0 8.33 67.53 75.86 NOTE
r-devel-linux-x86_64-fedora-clang 2.2.0 131.38 NOTE
r-devel-linux-x86_64-fedora-gcc 2.2.0 116.48 NOTE
r-devel-windows-x86_64 2.2.0 15.00 110.00 125.00 NOTE
r-devel-windows-x86_64-gcc10-UCRT 2.2.0 NOTE
r-patched-linux-x86_64 2.2.0 9.14 84.07 93.21 NOTE
r-patched-solaris-x86 2.2.0 168.20 NOTE
r-release-linux-x86_64 2.2.0 8.46 84.24 92.70 NOTE
r-release-macos-arm64 2.2.0 NOTE
r-release-macos-x86_64 2.2.0 NOTE
r-release-windows-ix86+x86_64 2.2.0 25.00 110.00 135.00 NOTE
r-oldrel-macos-x86_64 2.2.0 NOTE
r-oldrel-windows-ix86+x86_64 2.2.0 24.00 111.00 135.00 OK

Check Details

Version: 2.2.0
Check: LazyData
Result: NOTE
     'LazyData' is specified without a 'data' directory
Flavors: r-devel-linux-x86_64-debian-clang, r-devel-linux-x86_64-debian-gcc, r-devel-linux-x86_64-fedora-clang, r-devel-linux-x86_64-fedora-gcc, r-devel-windows-x86_64, r-devel-windows-x86_64-gcc10-UCRT, r-patched-linux-x86_64, r-patched-solaris-x86, r-release-linux-x86_64, r-release-macos-arm64, r-release-macos-x86_64, r-release-windows-ix86+x86_64

Version: 2.2.0
Check: dependencies in R code
Result: NOTE
    Namespace in Imports field not imported from: ‘Rdpack’
     All declared Imports should be used.
Flavors: r-devel-linux-x86_64-fedora-clang, r-devel-linux-x86_64-fedora-gcc, r-devel-windows-x86_64-gcc10-UCRT, r-patched-solaris-x86, r-release-macos-arm64, r-release-macos-x86_64, r-oldrel-macos-x86_64