CRAN Package Check Results for Package PupilPre

Last updated on 2024-06-13 10:49:06 CEST.

Flavor Version Tinstall Tcheck Ttotal Status Flags
r-devel-linux-x86_64-debian-clang 0.6.2 13.14 167.32 180.46 OK
r-devel-linux-x86_64-debian-gcc 0.6.2 0.53 1.93 2.46 ERROR
r-devel-linux-x86_64-fedora-clang 0.6.2 226.05 NOTE
r-devel-linux-x86_64-fedora-gcc 0.6.2 220.13 OK
r-devel-windows-x86_64 0.6.2 11.00 137.00 148.00 OK
r-patched-linux-x86_64 0.6.2 19.62 157.88 177.50 OK
r-release-linux-x86_64 0.6.2 8.27 159.54 167.81 OK
r-release-macos-arm64 0.6.2 69.00 OK
r-release-macos-x86_64 0.6.2 102.00 OK
r-release-windows-x86_64 0.6.2 14.00 134.00 148.00 OK
r-oldrel-macos-arm64 0.6.2 76.00 OK
r-oldrel-macos-x86_64 0.6.2 112.00 OK
r-oldrel-windows-x86_64 0.6.2 16.00 165.00 181.00 OK

Check Details

Version: 0.6.2
Check: package dependencies
Result: ERROR Packages required but not available: 'dplyr', 'VWPre', 'ggplot2', 'tidyr' See section ‘The DESCRIPTION file’ in the ‘Writing R Extensions’ manual. Flavor: r-devel-linux-x86_64-debian-gcc

Version: 0.6.2
Check: Rd cross-references
Result: NOTE Undeclared package ‘tibble’ in Rd xrefs Flavor: r-devel-linux-x86_64-fedora-clang