CRAN Package Check Results for Package PupillometryR

Last updated on 2022-01-24 06:49:01 CET.

Flavor Version Tinstall Tcheck Ttotal Status Flags
r-devel-linux-x86_64-debian-clang 0.0.4 6.13 154.91 161.04 OK
r-devel-linux-x86_64-debian-gcc 0.0.4 4.75 112.81 117.56 OK
r-devel-linux-x86_64-fedora-clang 0.0.4 189.63 NOTE
r-devel-linux-x86_64-fedora-gcc 0.0.4 175.44 NOTE
r-devel-windows-x86_64-new-UL 0.0.4 93.00 175.00 268.00 OK
r-devel-windows-x86_64-new-TK 0.0.4 NOTE
r-patched-linux-x86_64 0.0.4 6.16 144.74 150.90 OK
r-release-linux-x86_64 0.0.4 5.04 145.29 150.33 OK
r-release-macos-arm64 0.0.4 NOTE
r-release-macos-x86_64 0.0.4 NOTE
r-release-windows-ix86+x86_64 0.0.4 16.00 174.00 190.00 OK
r-oldrel-macos-x86_64 0.0.4 NOTE
r-oldrel-windows-ix86+x86_64 0.0.4 16.00 175.00 191.00 OK

Check Details

Version: 0.0.4
Check: dependencies in R code
Result: NOTE
    Namespaces in Imports field not imported from:
     ‘data.table’ ‘itsadug’ ‘lazyeval’ ‘mgcv’
     All declared Imports should be used.
Flavors: r-devel-linux-x86_64-fedora-clang, r-devel-linux-x86_64-fedora-gcc, r-devel-windows-x86_64-new-TK, r-release-macos-arm64, r-release-macos-x86_64, r-oldrel-macos-x86_64