CRAN Package Check Results for Package QCA

Last updated on 2021-08-01 10:51:27 CEST.

Flavor Version Tinstall Tcheck Ttotal Status Flags
r-devel-linux-x86_64-debian-clang 3.12 47.35 85.41 132.76 OK
r-devel-linux-x86_64-debian-gcc 3.12 34.00 63.34 97.34 OK
r-devel-linux-x86_64-fedora-clang 3.12 169.74 NOTE
r-devel-linux-x86_64-fedora-gcc 3.12 159.90 OK
r-devel-windows-x86_64 3.12 83.00 105.00 188.00 NOTE
r-devel-windows-x86_64-gcc10-UCRT 3.12 OK
r-patched-linux-x86_64 3.12 OK
r-patched-solaris-x86 3.12 168.80 NOTE
r-release-linux-x86_64 3.12 44.34 81.70 126.04 OK
r-release-macos-arm64 3.12 NOTE
r-release-macos-x86_64 3.12 NOTE
r-release-windows-ix86+x86_64 3.12 193.00 128.00 321.00 NOTE
r-oldrel-macos-x86_64 3.12 NOTE
r-oldrel-windows-ix86+x86_64 3.12 140.00 133.00 273.00 NOTE

Check Details

Version: 3.12
Check: installed package size
Result: NOTE
     installed size is 8.4Mb
     sub-directories of 1Mb or more:
     gui 1.7Mb
     libs 2.8Mb
     staticdocs 3.4Mb
Flavors: r-devel-linux-x86_64-fedora-clang, r-devel-windows-x86_64, r-patched-solaris-x86, r-release-macos-arm64, r-release-macos-x86_64, r-release-windows-ix86+x86_64, r-oldrel-macos-x86_64, r-oldrel-windows-ix86+x86_64