CRAN Package Check Results for Package Qtools

Last updated on 2021-07-24 07:49:35 CEST.

Flavor Version Tinstall Tcheck Ttotal Status Flags
r-devel-linux-x86_64-debian-clang 1.5.4 38.45 126.03 164.48 OK
r-devel-linux-x86_64-debian-gcc 1.5.4 28.14 95.33 123.47 OK
r-devel-linux-x86_64-fedora-clang 1.5.4 223.37 OK
r-devel-linux-x86_64-fedora-gcc 1.5.4 207.46 OK
r-devel-windows-x86_64 1.5.4 35.00 114.00 149.00 OK
r-devel-windows-x86_64-gcc10-UCRT 1.5.4 OK
r-patched-linux-x86_64 1.5.4 37.45 119.81 157.26 OK
r-patched-solaris-x86 1.5.4 238.60 WARN
r-release-linux-x86_64 1.5.4 35.00 120.29 155.29 OK
r-release-macos-arm64 1.5.4 WARN
r-release-macos-x86_64 1.5.4 WARN
r-release-windows-ix86+x86_64 1.5.4 88.00 190.00 278.00 OK
r-oldrel-macos-x86_64 1.5.4 WARN
r-oldrel-windows-ix86+x86_64 1.5.4 91.00 183.00 274.00 OK

Check Details

Version: 1.5.4
Check: re-building of vignette outputs
Result: WARN
    Error(s) in re-building vignettes:
     ...
    --- re-building ‘Qtools.Rmd’ using rmarkdown
    Warning in engine$weave(file, quiet = quiet, encoding = enc) :
     Pandoc (>= 1.12.3) not available. Falling back to R Markdown v1.
    Quitting from lines 124-146 (Qtools.Rmd)
    Error: processing vignette 'Qtools.Rmd' failed with diagnostics:
    argument is of length zero
    --- failed re-building ‘Qtools.Rmd’
    
    SUMMARY: processing the following file failed:
     ‘Qtools.Rmd’
    
    Error: Vignette re-building failed.
    Execution halted
Flavors: r-patched-solaris-x86, r-release-macos-arm64, r-release-macos-x86_64

Version: 1.5.4
Check: re-building of vignette outputs
Result: WARN
    Error(s) in re-building vignettes:
     ...
    --- re-building ‘Qtools.Rmd’ using rmarkdown
    Warning in engine$weave(file, quiet = quiet, encoding = enc) :
     Pandoc (>= 1.12.3) and/or pandoc-citeproc not available. Falling back to R Markdown v1.
    Quitting from lines 124-146 (Qtools.Rmd)
    Error: processing vignette 'Qtools.Rmd' failed with diagnostics:
    argument is of length zero
    --- failed re-building ‘Qtools.Rmd’
    
    SUMMARY: processing the following file failed:
     ‘Qtools.Rmd’
    
    Error: Vignette re-building failed.
    Execution halted
Flavor: r-oldrel-macos-x86_64