CRAN Package Check Results for Package Quartet

Last updated on 2021-09-21 13:52:38 CEST.

Flavor Version Tinstall Tcheck Ttotal Status Flags
r-devel-linux-x86_64-debian-clang 1.2.2 126.10 149.02 275.12 OK
r-devel-linux-x86_64-debian-gcc 1.2.2 87.70 116.68 204.38 OK
r-devel-linux-x86_64-fedora-clang 1.2.2 387.78 OK
r-devel-linux-x86_64-fedora-gcc 1.2.2 338.35 OK
r-devel-windows-x86_64 1.2.2 112.00 167.00 279.00 OK
r-devel-windows-x86_64-gcc10-UCRT 1.2.2 ERROR
r-patched-linux-x86_64 1.2.2 92.45 147.84 240.29 OK
r-patched-solaris-x86 1.2.2 389.90 OK
r-release-linux-x86_64 1.2.2 93.11 145.58 238.69 OK
r-release-macos-arm64 1.2.2 OK
r-release-macos-x86_64 1.2.2 OK
r-release-windows-ix86+x86_64 1.2.2 288.00 297.00 585.00 OK
r-oldrel-macos-x86_64 1.2.2 OK
r-oldrel-windows-ix86+x86_64 1.2.2 290.00 301.00 591.00 OK

Check Details

Version: 1.2.2
Check: whether package can be installed
Result: ERROR
    Installation failed.
Flavor: r-devel-windows-x86_64-gcc10-UCRT