CRAN Package Check Results for Package R.filesets

Last updated on 2021-09-24 04:51:52 CEST.

Flavor Version Tinstall Tcheck Ttotal Status Flags
r-devel-linux-x86_64-debian-clang 2.14.0 7.57 117.80 125.37 OK
r-devel-linux-x86_64-debian-gcc 2.14.0 7.36 87.98 95.34 OK
r-devel-linux-x86_64-fedora-clang 2.14.0 156.06 OK
r-devel-linux-x86_64-fedora-gcc 2.14.0 144.65 OK
r-devel-windows-x86_64 2.14.0 10.00 154.00 164.00 OK
r-devel-windows-x86_64-gcc10-UCRT 2.14.0 OK
r-patched-linux-x86_64 2.14.0 10.74 112.73 123.47 OK
r-patched-solaris-x86 2.14.0 195.80 OK
r-release-linux-x86_64 2.14.0 8.00 112.71 120.71 OK
r-release-macos-arm64 2.14.0 OK
r-release-macos-x86_64 2.14.0 ERROR
r-release-windows-ix86+x86_64 2.14.0 15.00 239.00 254.00 OK
r-oldrel-macos-x86_64 2.14.0 OK
r-oldrel-windows-ix86+x86_64 2.14.0 13.00 155.00 168.00 OK

Check Details

Version: 2.14.0
Check: tests
Result: ERROR
     Running ‘ChecksumFile.R’ [2s/3s]
     Running ‘GenericDataFile.R’ [2s/4s]
    Running the tests in ‘tests/GenericDataFile.R’ failed.
    Last 13 lines of output:
     + stopifnot(!isFile(dfLC))
     + stopifnot(isFile(dfL))
     + stopifnot(isFile(df))
     +
     + # Cleanup
     + file.remove(getPathname(dfL))
     + } # if (.Platform$OS.type == "windows")
     GenericDataFile:
     Name: 1.2(a)
     Tags:
     Full name: 1.2(a)
     Pathname: /Volumes/Temp/tmp/RtmpIGOwCA/1.2(a).txt
     File size: 153 B (153 bytes)
     Error: getChecksum(dfLC) == getChecksum(df) is not TRUE
     Execution halted
Flavor: r-release-macos-x86_64