CRAN Package Check Results for Package R.methodsS3

Last updated on 2021-09-24 04:51:52 CEST.

Flavor Version Tinstall Tcheck Ttotal Status Flags
r-devel-linux-x86_64-debian-clang 1.8.1 2.17 27.93 30.10 OK
r-devel-linux-x86_64-debian-gcc 1.8.1 1.72 21.96 23.68 OK
r-devel-linux-x86_64-fedora-clang 1.8.1 45.81 NOTE
r-devel-linux-x86_64-fedora-gcc 1.8.1 35.55 OK
r-devel-windows-x86_64 1.8.1 5.00 34.00 39.00 OK
r-devel-windows-x86_64-gcc10-UCRT 1.8.1 OK
r-patched-linux-x86_64 1.8.1 2.54 26.97 29.51 OK
r-patched-solaris-x86 1.8.1 53.80 OK
r-release-linux-x86_64 1.8.1 2.16 26.88 29.04 OK
r-release-macos-arm64 1.8.1 OK
r-release-macos-x86_64 1.8.1 OK
r-release-windows-ix86+x86_64 1.8.1 7.00 45.00 52.00 OK
r-oldrel-macos-x86_64 1.8.1 OK
r-oldrel-windows-ix86+x86_64 1.8.1 5.00 30.00 35.00 OK

Check Details

Version: 1.8.1
Check: Rd cross-references
Result: NOTE
    Undeclared package ‘R.oo’ in Rd xrefs
Flavor: r-devel-linux-x86_64-fedora-clang