CRAN Package Check Results for Package R.utils

Last updated on 2021-09-24 04:51:52 CEST.

Flavor Version Tinstall Tcheck Ttotal Status Flags
r-devel-linux-x86_64-debian-clang 2.10.1 18.43 169.93 188.36 OK
r-devel-linux-x86_64-debian-gcc 2.10.1 13.87 127.75 141.62 ERROR
r-devel-linux-x86_64-fedora-clang 2.10.1 237.94 ERROR
r-devel-linux-x86_64-fedora-gcc 2.10.1 228.72 ERROR
r-devel-windows-x86_64 2.10.1 20.00 617.00 637.00 OK
r-devel-windows-x86_64-gcc10-UCRT 2.10.1 ERROR
r-patched-linux-x86_64 2.10.1 22.66 215.76 238.42 OK
r-patched-solaris-x86 2.10.1 305.20 OK
r-release-linux-x86_64 2.10.1 16.39 162.67 179.06 OK
r-release-macos-arm64 2.10.1 OK
r-release-macos-x86_64 2.10.1 OK
r-release-windows-ix86+x86_64 2.10.1 29.00 836.00 865.00 OK
r-oldrel-macos-x86_64 2.10.1 OK
r-oldrel-windows-ix86+x86_64 2.10.1 50.00 688.00 738.00 OK

Check Details

Version: 2.10.1
Check: tests
Result: ERROR
     Running ‘Arguments-FILES.R’ [0s/1s]
     Running ‘FileProgressBar.R’ [1s/2s]
     Running ‘GString.R’ [0s/1s]
     Running ‘Java.R’ [0s/1s]
     Running ‘MultiVerbose.R’ [0s/1s]
     Running ‘NullVerbose.R’ [0s/1s]
     Running ‘Options.R’ [0s/1s]
     Running ‘ProgressBar.R’ [1s/1s]
     Running ‘Settings.R’ [0s/1s]
     Running ‘System.R’ [0s/1s]
     Running ‘TextStatusBar.R’ [0s/1s]
     Running ‘VComments.R’ [0s/1s]
     Running ‘Verbose.R’ [0s/1s]
     Running ‘absolute-relative-paths.R’ [1s/1s]
     Running ‘attachLocally.R’ [0s/1s]
     Running ‘callHooks.R’ [0s/1s]
     Running ‘capitalize.R’ [0s/1s]
     Running ‘captureOutput.R’ [0s/1s]
     Running ‘cmdArgs.R’ [0s/1s]
     Running ‘colClasses.R’ [0s/1s]
     Running ‘commandArgs.R’ [1s/1s]
     Running ‘compressFile.R’ [1s/1s]
     Running ‘compressPDF.R’ [3s/6s]
     Running ‘copyRenameFile.R’ [1s/1s]
     Running ‘countLines.R’ [1s/1s]
     Running ‘cout.R’ [0s/2s]
     Running ‘createFileAtomically.R’ [1s/1s]
     Running ‘createLink.R’ [1s/1s]
     Running ‘dataFrame.R’ [0s/1s]
     Running ‘dimNA.R’ [0s/1s]
     Running ‘displayCode.R’ [0s/1s]
     Running ‘doCall.R’ [0s/1s]
     Running ‘eget.R’ [0s/1s]
     Running ‘egsub.R’ [0s/1s]
     Running ‘env.R’ [0s/1s]
     Running ‘extract.array.R’ [0s/1s]
     Running ‘fileAccess.R’ [0s/1s]
     Running ‘filePath.R’ [0s/1s]
     Running ‘findFiles.R’ [1s/1s]
     Running ‘findSourceTraceback.R’ [0s/1s]
     Running ‘gcDLLs.R’ [0s/1s]
     Running ‘gcat.R’ [0s/1s]
     Running ‘getOption.R’ [0s/1s]
     Running ‘getParent.R’ [0s/1s]
     Running ‘hpaste.R’ [0s/1s]
     Running ‘insert.R’ [0s/1s]
     Running ‘intToHex.R’ [0s/1s]
     Running ‘isPackageLoaded.R’ [0s/1s]
     Running ‘isReplicated.R’ [1s/1s]
     Running ‘isUrl.R’ [0s/1s]
     Running ‘isZero.R’ [0s/1s]
     Running ‘listDirectory.R’ [1s/2s]
     Running ‘loadObject.R’ [0s/1s]
     Running ‘loadToEnv.R’ [0s/1s]
     Running ‘mkdirs.R’ [1s/1s]
     Running ‘mout.R’ [0s/1s]
     Running ‘mpager.R’ [0s/1s]
     Running ‘nullfile.R’ [0s/1s]
     Running ‘parseRepos.R’ [0s/1s]
     Running ‘pushBackupFile.R’ [0s/1s]
     Running ‘pushTemporaryFile.R’ [0s/1s]
     Running ‘queryRCmdCheck.R’ [0s/1s]
     Running ‘readBinFragments.R’ [0s/1s]
     Running ‘readWindowsShellLink.R’ [0s/1s]
     Running ‘readWindowsShortcut.R’ [0s/1s]
     Running ‘resample.R’ [0s/1s]
     Running ‘seqToHumanReadable.R’ [0s/1s]
     Running ‘seqToIntervals.R’ [0s/1s]
     Running ‘sourceDirectory.R’ [1s/3s]
     Running ‘sourceTo.R’ [0s/1s]
     Running ‘splitByPattern.R’ [0s/1s]
     Running ‘subplots.R’ [0s/1s]
     Running ‘symlinks,dirs.R’ [1s/1s]
     Running ‘symlinks,files.R’ [1s/2s]
     Running ‘systemR.R’ [1s/2s]
     Running ‘tempvar.R’ [0s/1s]
     Running ‘tmpfile.R’ [0s/1s]
     Running ‘toCamelCase.R’ [0s/1s]
     Running ‘touchFile.R’ [0s/2s]
     Running ‘use.R’ [1s/1s]
     Running ‘useRepos.R’ [0s/1s]
     Running ‘whichVector.R’ [0s/1s]
     Running ‘withCapture.R’ [0s/1s]
     Running ‘withLocale.R’ [0s/1s]
     Running ‘withOptions.R’ [0s/1s]
     Running ‘withRepos.R’ [0s/1s]
     Running ‘withSeed.R’ [0s/1s]
     Running ‘withSink.R’ [1s/1s]
     Running ‘withTimeout.R’ [1s/9s]
     Running ‘wrap.array.R’ [0s/1s]
     Running ‘writeDataFrame.R’ [0s/1s]
     Running ‘zzz_finalizer_crash.R’ [5s/7s]
    Running the tests in ‘tests/intToHex.R’ failed.
    Complete output:
     > library("R.utils")
     Loading required package: R.oo
     Loading required package: R.methodsS3
     R.methodsS3 v1.8.1 (2020-08-26 16:20:06 UTC) successfully loaded. See ?R.methodsS3 for help.
     R.oo v1.24.0 (2020-08-26 16:11:58 UTC) successfully loaded. See ?R.oo for help.
    
     Attaching package: 'R.oo'
    
     The following object is masked from 'package:R.methodsS3':
    
     throw
    
     The following objects are masked from 'package:methods':
    
     getClasses, getMethods
    
     The following objects are masked from 'package:base':
    
     attach, detach, load, save
    
     R.utils v2.10.1 (2020-08-26 22:50:31 UTC) successfully loaded. See ?R.utils for help.
    
     Attaching package: 'R.utils'
    
     The following object is masked from 'package:utils':
    
     timestamp
    
     The following objects are masked from 'package:base':
    
     cat, commandArgs, getOption, inherits, isOpen, nullfile, parse,
     warnings
    
     >
     > x <- c(7, 8, 15, 16)
     > print(x)
     [1] 7 8 15 16
     >
     > y <- intToHex(x)
     > y_truth <- c("07", "08", "0f", "10")
     > print(y)
     [1] "7" "8" "f" "10"
     > stopifnot(is.character(y), all(!is.na(y)), identical(y, y_truth))
     Error: identical(y, y_truth) is not TRUE
     Execution halted
Flavor: r-devel-linux-x86_64-debian-gcc

Version: 2.10.1
Check: tests
Result: ERROR
     Running ‘Arguments-FILES.R’
     Running ‘FileProgressBar.R’
     Running ‘GString.R’
     Running ‘Java.R’
     Running ‘MultiVerbose.R’
     Running ‘NullVerbose.R’
     Running ‘Options.R’
     Running ‘ProgressBar.R’
     Running ‘Settings.R’
     Running ‘System.R’
     Running ‘TextStatusBar.R’
     Running ‘VComments.R’
     Running ‘Verbose.R’
     Running ‘absolute-relative-paths.R’
     Running ‘attachLocally.R’
     Running ‘callHooks.R’
     Running ‘capitalize.R’
     Running ‘captureOutput.R’
     Running ‘cmdArgs.R’
     Running ‘colClasses.R’
     Running ‘commandArgs.R’
     Running ‘compressFile.R’
     Running ‘compressPDF.R’
     Running ‘copyRenameFile.R’
     Running ‘countLines.R’
     Running ‘cout.R’
     Running ‘createFileAtomically.R’
     Running ‘createLink.R’
     Running ‘dataFrame.R’
     Running ‘dimNA.R’
     Running ‘displayCode.R’
     Running ‘doCall.R’
     Running ‘eget.R’
     Running ‘egsub.R’
     Running ‘env.R’
     Running ‘extract.array.R’
     Running ‘fileAccess.R’
     Running ‘filePath.R’
     Running ‘findFiles.R’
     Running ‘findSourceTraceback.R’
     Running ‘gcDLLs.R’
     Running ‘gcat.R’
     Running ‘getOption.R’
     Running ‘getParent.R’
     Running ‘hpaste.R’
     Running ‘insert.R’
     Running ‘intToHex.R’
     Running ‘isPackageLoaded.R’
     Running ‘isReplicated.R’
     Running ‘isUrl.R’
     Running ‘isZero.R’
     Running ‘listDirectory.R’
     Running ‘loadObject.R’
     Running ‘loadToEnv.R’
     Running ‘mkdirs.R’
     Running ‘mout.R’
     Running ‘mpager.R’
     Running ‘nullfile.R’
     Running ‘parseRepos.R’
     Running ‘pushBackupFile.R’
     Running ‘pushTemporaryFile.R’
     Running ‘queryRCmdCheck.R’
     Running ‘readBinFragments.R’
     Running ‘readWindowsShellLink.R’
     Running ‘readWindowsShortcut.R’
     Running ‘resample.R’
     Running ‘seqToHumanReadable.R’
     Running ‘seqToIntervals.R’
     Running ‘sourceDirectory.R’
     Running ‘sourceTo.R’
     Running ‘splitByPattern.R’
     Running ‘subplots.R’
     Running ‘symlinks,dirs.R’
     Running ‘symlinks,files.R’
     Running ‘systemR.R’
     Running ‘tempvar.R’
     Running ‘tmpfile.R’
     Running ‘toCamelCase.R’
     Running ‘touchFile.R’
     Running ‘use.R’
     Running ‘useRepos.R’
     Running ‘whichVector.R’
     Running ‘withCapture.R’
     Running ‘withLocale.R’
     Running ‘withOptions.R’
     Running ‘withRepos.R’
     Running ‘withSeed.R’
     Running ‘withSink.R’
     Running ‘withTimeout.R’
     Running ‘wrap.array.R’
     Running ‘writeDataFrame.R’
     Running ‘zzz_finalizer_crash.R’
    Running the tests in ‘tests/intToHex.R’ failed.
    Complete output:
     > library("R.utils")
     Loading required package: R.oo
     Loading required package: R.methodsS3
     R.methodsS3 v1.8.1 (2020-08-26 16:20:06 UTC) successfully loaded. See ?R.methodsS3 for help.
     R.oo v1.24.0 (2020-08-26 16:11:58 UTC) successfully loaded. See ?R.oo for help.
    
     Attaching package: 'R.oo'
    
     The following object is masked from 'package:R.methodsS3':
    
     throw
    
     The following objects are masked from 'package:methods':
    
     getClasses, getMethods
    
     The following objects are masked from 'package:base':
    
     attach, detach, load, save
    
     R.utils v2.10.1 (2020-08-26 22:50:31 UTC) successfully loaded. See ?R.utils for help.
    
     Attaching package: 'R.utils'
    
     The following object is masked from 'package:utils':
    
     timestamp
    
     The following objects are masked from 'package:base':
    
     cat, commandArgs, getOption, inherits, isOpen, nullfile, parse,
     warnings
    
     >
     > x <- c(7, 8, 15, 16)
     > print(x)
     [1] 7 8 15 16
     >
     > y <- intToHex(x)
     > y_truth <- c("07", "08", "0f", "10")
     > print(y)
     [1] "7" "8" "f" "10"
     > stopifnot(is.character(y), all(!is.na(y)), identical(y, y_truth))
     Error: identical(y, y_truth) is not TRUE
     Execution halted
Flavors: r-devel-linux-x86_64-fedora-clang, r-devel-linux-x86_64-fedora-gcc

Version: 2.10.1
Check: tests
Result: ERROR
     Running 'Arguments-FILES.R'
     Running 'FileProgressBar.R'
     Running 'GString.R'
     Running 'Java.R'
     Running 'MultiVerbose.R'
     Running 'NullVerbose.R'
     Running 'Options.R'
     Running 'ProgressBar.R'
     Running 'Settings.R'
     Running 'System.R'
     Running 'TextStatusBar.R'
     Running 'VComments.R'
     Running 'Verbose.R'
     Running 'absolute-relative-paths.R'
     Running 'attachLocally.R'
     Running 'callHooks.R'
     Running 'capitalize.R'
     Running 'captureOutput.R'
     Running 'cmdArgs.R'
     Running 'colClasses.R'
     Running 'commandArgs.R'
     Running 'compressFile.R'
     Running 'compressPDF.R'
     Running 'copyRenameFile.R'
     Running 'countLines.R'
     Running 'cout.R'
     Running 'createFileAtomically.R'
     Running 'createLink.R'
     Running 'dataFrame.R'
     Running 'dimNA.R'
     Running 'displayCode.R'
     Running 'doCall.R'
     Running 'eget.R'
     Running 'egsub.R'
     Running 'env.R'
     Running 'extract.array.R'
     Running 'fileAccess.R'
     Running 'filePath.R'
     Running 'findFiles.R'
     Running 'findSourceTraceback.R'
     Running 'gcDLLs.R'
     Running 'gcat.R'
     Running 'getOption.R'
     Running 'getParent.R'
     Running 'hpaste.R'
     Running 'insert.R'
     Running 'intToHex.R'
    Running the tests in 'tests/intToHex.R' failed.
    Complete output:
     > library("R.utils")
     Loading required package: R.oo
     Loading required package: R.methodsS3
     R.methodsS3 v1.8.1 (2020-08-26 16:20:06 UTC) successfully loaded. See ?R.methodsS3 for help.
     R.oo v1.24.0 (2020-08-26 16:11:58 UTC) successfully loaded. See ?R.oo for help.
    
     Attaching package: 'R.oo'
    
     The following object is masked from 'package:R.methodsS3':
    
     throw
    
     The following objects are masked from 'package:methods':
    
     getClasses, getMethods
    
     The following objects are masked from 'package:base':
    
     attach, detach, load, save
    
     R.utils v2.10.1 (2020-08-26 22:50:31 UTC) successfully loaded. See ?R.utils for help.
    
     Attaching package: 'R.utils'
    
     The following object is masked from 'package:utils':
    
     timestamp
    
     The following objects are masked from 'package:base':
    
     cat, commandArgs, getOption, inherits, isOpen, nullfile, parse,
     warnings
    
     >
     > x <- c(7, 8, 15, 16)
     > print(x)
     [1] 7 8 15 16
     >
     > y <- intToHex(x)
     > y_truth <- c("07", "08", "0f", "10")
     > print(y)
     [1] "7" "8" "f" "10"
     > stopifnot(is.character(y), all(!is.na(y)), identical(y, y_truth))
     Error: identical(y, y_truth) is not TRUE
     Execution halted
Flavor: r-devel-windows-x86_64-gcc10-UCRT