CRAN Package Check Results for Package R62S3

Last updated on 2021-10-17 07:50:54 CEST.

Flavor Version Tinstall Tcheck Ttotal Status Flags
r-devel-linux-x86_64-debian-clang 1.4.1 1.94 22.70 24.64 NOTE
r-devel-linux-x86_64-debian-gcc 1.4.1 1.56 18.19 19.75 NOTE
r-devel-linux-x86_64-fedora-clang 1.4.1 40.44 NOTE
r-devel-linux-x86_64-fedora-gcc 1.4.1 30.86 NOTE
r-devel-windows-x86_64 1.4.1 4.00 45.00 49.00 NOTE
r-devel-windows-x86_64-gcc10-UCRT 1.4.1 NOTE
r-patched-linux-x86_64 1.4.1 1.88 22.25 24.13 NOTE
r-patched-solaris-x86 1.4.1 46.90 NOTE
r-release-linux-x86_64 1.4.1 1.91 22.23 24.14 NOTE
r-release-macos-arm64 1.4.1 NOTE
r-release-macos-x86_64 1.4.1 NOTE
r-release-windows-ix86+x86_64 1.4.1 5.00 39.00 44.00 NOTE
r-oldrel-macos-x86_64 1.4.1 OK
r-oldrel-windows-ix86+x86_64 1.4.1 5.00 38.00 43.00 OK

Check Details

Version: 1.4.1
Check: LazyData
Result: NOTE
     'LazyData' is specified without a 'data' directory
Flavors: r-devel-linux-x86_64-debian-clang, r-devel-linux-x86_64-debian-gcc, r-devel-linux-x86_64-fedora-clang, r-devel-linux-x86_64-fedora-gcc, r-devel-windows-x86_64, r-devel-windows-x86_64-gcc10-UCRT, r-patched-linux-x86_64, r-patched-solaris-x86, r-release-linux-x86_64, r-release-macos-arm64, r-release-macos-x86_64, r-release-windows-ix86+x86_64