CRAN Package Check Results for Package RCSL

Last updated on 2021-10-28 13:58:22 CEST.

Flavor Version Tinstall Tcheck Ttotal Status Flags
r-devel-linux-x86_64-debian-clang 0.99.95 16.58 155.25 171.83 OK
r-devel-linux-x86_64-debian-gcc 0.99.95 13.51 119.16 132.67 OK
r-devel-linux-x86_64-fedora-clang 0.99.95 233.32 NOTE
r-devel-linux-x86_64-fedora-gcc 0.99.95 198.82 NOTE
r-devel-windows-x86_64 0.99.95 23.00 217.00 240.00 OK
r-devel-windows-x86_64-gcc10-UCRT 0.99.95 NOTE
r-patched-linux-x86_64 0.99.95 17.49 145.46 162.95 OK
r-patched-solaris-x86 0.99.95 241.10 NOTE
r-release-linux-x86_64 0.99.95 16.22 145.72 161.94 OK
r-release-macos-arm64 0.99.95 NOTE
r-release-macos-x86_64 0.99.95 NOTE
r-release-windows-ix86+x86_64 0.99.95 22.00 130.00 152.00 OK
r-oldrel-macos-x86_64 0.99.95 NOTE
r-oldrel-windows-ix86+x86_64 0.99.95 25.00 197.00 222.00 OK

Check Details

Version: 0.99.95
Check: dependencies in R code
Result: NOTE
    Namespaces in Imports field not imported from:
     ‘SingleCellExperiment’ ‘mclust’
     All declared Imports should be used.
Flavors: r-devel-linux-x86_64-fedora-clang, r-devel-linux-x86_64-fedora-gcc, r-devel-windows-x86_64-gcc10-UCRT, r-patched-solaris-x86, r-release-macos-arm64, r-release-macos-x86_64, r-oldrel-macos-x86_64