CRAN Package Check Results for Package RClickhouse

Last updated on 2021-09-16 16:50:25 CEST.

Flavor Version Tinstall Tcheck Ttotal Status Flags
r-devel-linux-x86_64-debian-clang 0.5.2 112.00 61.19 173.19 NOTE
r-devel-linux-x86_64-debian-gcc 0.5.2 76.46 45.83 122.29 NOTE
r-devel-linux-x86_64-fedora-clang 0.5.2 260.96 NOTE
r-devel-linux-x86_64-fedora-gcc 0.5.2 210.44 NOTE
r-devel-windows-x86_64 0.5.2 109.00 98.00 207.00 NOTE
r-devel-windows-x86_64-gcc10-UCRT 0.5.2 NOTE
r-patched-linux-x86_64 0.5.2 94.35 55.85 150.20 NOTE
r-patched-solaris-x86 0.5.2 206.20 NOTE
r-release-linux-x86_64 0.5.2 88.52 56.45 144.97 NOTE
r-release-macos-arm64 0.5.2 NOTE
r-release-macos-x86_64 0.5.2 NOTE
r-release-windows-ix86+x86_64 0.5.2 262.00 125.00 387.00 NOTE
r-oldrel-macos-x86_64 0.5.2 NOTE
r-oldrel-windows-ix86+x86_64 0.5.2 205.00 117.00 322.00 OK

Check Details

Version: 0.5.2
Check: LazyData
Result: NOTE
     'LazyData' is specified without a 'data' directory
Flavors: r-devel-linux-x86_64-debian-clang, r-devel-linux-x86_64-debian-gcc, r-devel-linux-x86_64-fedora-clang, r-devel-linux-x86_64-fedora-gcc, r-devel-windows-x86_64, r-devel-windows-x86_64-gcc10-UCRT, r-patched-linux-x86_64, r-patched-solaris-x86, r-release-linux-x86_64, r-release-macos-arm64, r-release-macos-x86_64, r-release-windows-ix86+x86_64

Version: 0.5.2
Check: installed package size
Result: NOTE
     installed size is 10.7Mb
     sub-directories of 1Mb or more:
     libs 10.4Mb
Flavors: r-devel-linux-x86_64-fedora-clang, r-release-macos-arm64, r-release-macos-x86_64, r-oldrel-macos-x86_64