CRAN Package Check Results for Package RCurl

Last updated on 2021-09-16 10:51:37 CEST.

Flavor Version Tinstall Tcheck Ttotal Status Flags
r-devel-linux-x86_64-debian-clang 1.98-1.4 17.25 46.60 63.85 WARN
r-devel-linux-x86_64-debian-gcc 1.98-1.4 14.40 35.80 50.20 WARN
r-devel-linux-x86_64-fedora-clang 1.98-1.4 89.60 NOTE
r-devel-linux-x86_64-fedora-gcc 1.98-1.4 78.62 NOTE
r-devel-windows-x86_64 1.98-1.4 35.00 98.00 133.00 NOTE
r-devel-windows-x86_64-gcc10-UCRT 1.98-1.4 NOTE
r-patched-linux-x86_64 1.98-1.4 17.52 44.83 62.35 WARN
r-patched-solaris-x86 1.98-1.4 122.60 NOTE --no-examples
r-release-linux-x86_64 1.98-1.4 16.31 44.91 61.22 WARN
r-release-macos-arm64 1.98-1.4 NOTE
r-release-macos-x86_64 1.98-1.4 NOTE
r-release-windows-ix86+x86_64 1.98-1.4 49.00 142.00 191.00 NOTE
r-oldrel-macos-x86_64 1.98-1.4 NOTE
r-oldrel-windows-ix86+x86_64 1.98-1.4 39.00 126.00 165.00 NOTE

Check Details

Version: 1.98-1.4
Check: top-level files
Result: WARN
     Output from running autoreconf:
     configure.ac:26: warning: The macro `AC_TRY_COMPILE' is obsolete.
     configure.ac:26: You should run autoupdate.
     ./lib/autoconf/general.m4:2847: AC_TRY_COMPILE is expanded from...
     configure.ac:26: the top level
     configure.ac:54: warning: The macro `AC_TRY_COMPILE' is obsolete.
     configure.ac:54: You should run autoupdate.
     ./lib/autoconf/general.m4:2847: AC_TRY_COMPILE is expanded from...
     configure.ac:41: RCURL_CHECK_ENUM is expanded from...
     configure.ac:54: the top level
     configure.ac:58: warning: The macro `AC_TRY_COMPILE' is obsolete.
     configure.ac:58: You should run autoupdate.
     ./lib/autoconf/general.m4:2847: AC_TRY_COMPILE is expanded from...
     configure.ac:41: RCURL_CHECK_ENUM is expanded from...
     configure.ac:58: the top level
     configure.ac:59: warning: The macro `AC_TRY_COMPILE' is obsolete.
     configure.ac:59: You should run autoupdate.
     ./lib/autoconf/general.m4:2847: AC_TRY_COMPILE is expanded from...
     configure.ac:41: RCURL_CHECK_ENUM is expanded from...
     configure.ac:59: the top level
     configure.ac:60: warning: The macro `AC_TRY_COMPILE' is obsolete.
     configure.ac:60: You should run autoupdate.
     ./lib/autoconf/general.m4:2847: AC_TRY_COMPILE is expanded from...
     configure.ac:41: RCURL_CHECK_ENUM is expanded from...
     configure.ac:60: the top level
     configure.ac:61: warning: The macro `AC_TRY_COMPILE' is obsolete.
     configure.ac:61: You should run autoupdate.
     ./lib/autoconf/general.m4:2847: AC_TRY_COMPILE is expanded from...
     configure.ac:41: RCURL_CHECK_ENUM is expanded from...
     configure.ac:61: the top level
     configure.ac:62: warning: The macro `AC_TRY_COMPILE' is obsolete.
     configure.ac:62: You should run autoupdate.
     ./lib/autoconf/general.m4:2847: AC_TRY_COMPILE is expanded from...
     configure.ac:41: RCURL_CHECK_ENUM is expanded from...
     configure.ac:62: the top level
     configure.ac:63: warning: The macro `AC_TRY_COMPILE' is obsolete.
     configure.ac:63: You should run autoupdate.
     ./lib/autoconf/general.m4:2847: AC_TRY_COMPILE is expanded from...
     configure.ac:41: RCURL_CHECK_ENUM is expanded from...
     configure.ac:63: the top level
     configure.ac:64: warning: The macro `AC_TRY_COMPILE' is obsolete.
     configure.ac:64: You should run autoupdate.
     ./lib/autoconf/general.m4:2847: AC_TRY_COMPILE is expanded from...
     configure.ac:41: RCURL_CHECK_ENUM is expanded from...
     configure.ac:64: the top level
     configure.ac:65: warning: The macro `AC_TRY_COMPILE' is obsolete.
     configure.ac:65: You should run autoupdate.
     ./lib/autoconf/general.m4:2847: AC_TRY_COMPILE is expanded from...
     configure.ac:41: RCURL_CHECK_ENUM is expanded from...
     configure.ac:65: the top level
     configure.ac:66: warning: The macro `AC_TRY_COMPILE' is obsolete.
     configure.ac:66: You should run autoupdate.
     ./lib/autoconf/general.m4:2847: AC_TRY_COMPILE is expanded from...
     configure.ac:41: RCURL_CHECK_ENUM is expanded from...
     configure.ac:66: the top level
     configure.ac:67: warning: The macro `AC_TRY_COMPILE' is obsolete.
     configure.ac:67: You should run autoupdate.
     ./lib/autoconf/general.m4:2847: AC_TRY_COMPILE is expanded from...
     configure.ac:41: RCURL_CHECK_ENUM is expanded from...
     configure.ac:67: the top level
     configure.ac:68: warning: The macro `AC_TRY_COMPILE' is obsolete.
     configure.ac:68: You should run autoupdate.
     ./lib/autoconf/general.m4:2847: AC_TRY_COMPILE is expanded from...
     configure.ac:41: RCURL_CHECK_ENUM is expanded from...
     configure.ac:68: the top level
     configure.ac:69: warning: The macro `AC_TRY_COMPILE' is obsolete.
     configure.ac:69: You should run autoupdate.
     ./lib/autoconf/general.m4:2847: AC_TRY_COMPILE is expanded from...
     configure.ac:41: RCURL_CHECK_ENUM is expanded from...
     configure.ac:69: the top level
     configure.ac:70: warning: The macro `AC_TRY_COMPILE' is obsolete.
     configure.ac:70: You should run autoupdate.
     ./lib/autoconf/general.m4:2847: AC_TRY_COMPILE is expanded from...
     configure.ac:41: RCURL_CHECK_ENUM is expanded from...
     configure.ac:70: the top level
     configure.ac:71: warning: The macro `AC_TRY_COMPILE' is obsolete.
     configure.ac:71: You should run autoupdate.
     ./lib/autoconf/general.m4:2847: AC_TRY_COMPILE is expanded from...
     configure.ac:41: RCURL_CHECK_ENUM is expanded from...
     configure.ac:71: the top level
     configure.ac:72: warning: The macro `AC_TRY_COMPILE' is obsolete.
     configure.ac:72: You should run autoupdate.
     ./lib/autoconf/general.m4:2847: AC_TRY_COMPILE is expanded from...
     configure.ac:41: RCURL_CHECK_ENUM is expanded from...
     configure.ac:72: the top level
     configure.ac:73: warning: The macro `AC_TRY_COMPILE' is obsolete.
     configure.ac:73: You should run autoupdate.
     ./lib/autoconf/general.m4:2847: AC_TRY_COMPILE is expanded from...
     configure.ac:41: RCURL_CHECK_ENUM is expanded from...
     configure.ac:73: the top level
     configure.ac:74: warning: The macro `AC_TRY_COMPILE' is obsolete.
     configure.ac:74: You should run autoupdate.
     ./lib/autoconf/general.m4:2847: AC_TRY_COMPILE is expanded from...
     configure.ac:41: RCURL_CHECK_ENUM is expanded from...
     configure.ac:74: the top level
     configure.ac:75: warning: The macro `AC_TRY_COMPILE' is obsolete.
     configure.ac:75: You should run autoupdate.
     ./lib/autoconf/general.m4:2847: AC_TRY_COMPILE is expanded from...
     configure.ac:41: RCURL_CHECK_ENUM is expanded from...
     configure.ac:75: the top level
     configure.ac:76: warning: The macro `AC_TRY_COMPILE' is obsolete.
     configure.ac:76: You should run autoupdate.
     ./lib/autoconf/general.m4:2847: AC_TRY_COMPILE is expanded from...
     configure.ac:41: RCURL_CHECK_ENUM is expanded from...
     configure.ac:76: the top level
     configure.ac:77: warning: The macro `AC_TRY_COMPILE' is obsolete.
     configure.ac:77: You should run autoupdate.
     ./lib/autoconf/general.m4:2847: AC_TRY_COMPILE is expanded from...
     configure.ac:41: RCURL_CHECK_ENUM is expanded from...
     configure.ac:77: the top level
     configure.ac:78: warning: The macro `AC_TRY_COMPILE' is obsolete.
     configure.ac:78: You should run autoupdate.
     ./lib/autoconf/general.m4:2847: AC_TRY_COMPILE is expanded from...
     configure.ac:41: RCURL_CHECK_ENUM is expanded from...
     configure.ac:78: the top level
     configure.ac:79: warning: The macro `AC_TRY_COMPILE' is obsolete.
     configure.ac:79: You should run autoupdate.
     ./lib/autoconf/general.m4:2847: AC_TRY_COMPILE is expanded from...
     configure.ac:41: RCURL_CHECK_ENUM is expanded from...
     configure.ac:79: the top level
     configure.ac:80: warning: The macro `AC_TRY_COMPILE' is obsolete.
     configure.ac:80: You should run autoupdate.
     ./lib/autoconf/general.m4:2847: AC_TRY_COMPILE is expanded from...
     configure.ac:41: RCURL_CHECK_ENUM is expanded from...
     configure.ac:80: the top level
     configure.ac:81: warning: The macro `AC_TRY_COMPILE' is obsolete.
     configure.ac:81: You should run autoupdate.
     ./lib/autoconf/general.m4:2847: AC_TRY_COMPILE is expanded from...
     configure.ac:41: RCURL_CHECK_ENUM is expanded from...
     configure.ac:81: the top level
     configure.ac:82: warning: The macro `AC_TRY_COMPILE' is obsolete.
     configure.ac:82: You should run autoupdate.
     ./lib/autoconf/general.m4:2847: AC_TRY_COMPILE is expanded from...
     configure.ac:41: RCURL_CHECK_ENUM is expanded from...
     configure.ac:82: the top level
     configure.ac:83: warning: The macro `AC_TRY_COMPILE' is obsolete.
     configure.ac:83: You should run autoupdate.
     ./lib/autoconf/general.m4:2847: AC_TRY_COMPILE is expanded from...
     configure.ac:41: RCURL_CHECK_ENUM is expanded from...
     configure.ac:83: the top level
     configure.ac:84: warning: The macro `AC_TRY_COMPILE' is obsolete.
     configure.ac:84: You should run autoupdate.
     ./lib/autoconf/general.m4:2847: AC_TRY_COMPILE is expanded from...
     configure.ac:41: RCURL_CHECK_ENUM is expanded from...
     configure.ac:84: the top level
     configure.ac:85: warning: The macro `AC_TRY_COMPILE' is obsolete.
     configure.ac:85: You should run autoupdate.
     ./lib/autoconf/general.m4:2847: AC_TRY_COMPILE is expanded from...
     configure.ac:41: RCURL_CHECK_ENUM is expanded from...
     configure.ac:85: the top level
     configure.ac:86: warning: The macro `AC_TRY_COMPILE' is obsolete.
     configure.ac:86: You should run autoupdate.
     ./lib/autoconf/general.m4:2847: AC_TRY_COMPILE is expanded from...
     configure.ac:41: RCURL_CHECK_ENUM is expanded from...
     configure.ac:86: the top level
     configure.ac:87: warning: The macro `AC_TRY_COMPILE' is obsolete.
     configure.ac:87: You should run autoupdate.
     ./lib/autoconf/general.m4:2847: AC_TRY_COMPILE is expanded from...
     configure.ac:41: RCURL_CHECK_ENUM is expanded from...
     configure.ac:87: the top level
     configure.ac:88: warning: The macro `AC_TRY_COMPILE' is obsolete.
     configure.ac:88: You should run autoupdate.
     ./lib/autoconf/general.m4:2847: AC_TRY_COMPILE is expanded from...
     configure.ac:41: RCURL_CHECK_ENUM is expanded from...
     configure.ac:88: the top level
     configure.ac:89: warning: The macro `AC_TRY_COMPILE' is obsolete.
     configure.ac:89: You should run autoupdate.
     ./lib/autoconf/general.m4:2847: AC_TRY_COMPILE is expanded from...
     configure.ac:41: RCURL_CHECK_ENUM is expanded from...
     configure.ac:89: the top level
     configure.ac:90: warning: The macro `AC_TRY_COMPILE' is obsolete.
     configure.ac:90: You should run autoupdate.
     ./lib/autoconf/general.m4:2847: AC_TRY_COMPILE is expanded from...
     configure.ac:41: RCURL_CHECK_ENUM is expanded from...
     configure.ac:90: the top level
     configure.ac:91: warning: The macro `AC_TRY_COMPILE' is obsolete.
     configure.ac:91: You should run autoupdate.
     ./lib/autoconf/general.m4:2847: AC_TRY_COMPILE is expanded from...
     configure.ac:41: RCURL_CHECK_ENUM is expanded from...
     configure.ac:91: the top level
     configure.ac:92: warning: The macro `AC_TRY_COMPILE' is obsolete.
     configure.ac:92: You should run autoupdate.
     ./lib/autoconf/general.m4:2847: AC_TRY_COMPILE is expanded from...
     configure.ac:41: RCURL_CHECK_ENUM is expanded from...
     configure.ac:92: the top level
     configure.ac:102: warning: The macro `AC_TRY_COMPILE' is obsolete.
     configure.ac:102: You should run autoupdate.
     ./lib/autoconf/general.m4:2847: AC_TRY_COMPILE is expanded from...
     configure.ac:41: RCURL_CHECK_ENUM is expanded from...
     configure.ac:102: the top level
     configure.ac:103: warning: The macro `AC_TRY_COMPILE' is obsolete.
     configure.ac:103: You should run autoupdate.
     ./lib/autoconf/general.m4:2847: AC_TRY_COMPILE is expanded from...
     configure.ac:41: RCURL_CHECK_ENUM is expanded from...
     configure.ac:103: the top level
     configure.ac:104: warning: The macro `AC_TRY_COMPILE' is obsolete.
     configure.ac:104: You should run autoupdate.
     ./lib/autoconf/general.m4:2847: AC_TRY_COMPILE is expanded from...
     configure.ac:41: RCURL_CHECK_ENUM is expanded from...
     configure.ac:104: the top level
     configure.ac:105: warning: The macro `AC_TRY_COMPILE' is obsolete.
     configure.ac:105: You should run autoupdate.
     ./lib/autoconf/general.m4:2847: AC_TRY_COMPILE is expanded from...
     configure.ac:41: RCURL_CHECK_ENUM is expanded from...
     configure.ac:105: the top level
     configure.ac:106: warning: The macro `AC_TRY_COMPILE' is obsolete.
     configure.ac:106: You should run autoupdate.
     ./lib/autoconf/general.m4:2847: AC_TRY_COMPILE is expanded from...
     configure.ac:41: RCURL_CHECK_ENUM is expanded from...
     configure.ac:106: the top level
     configure.ac:107: warning: The macro `AC_TRY_COMPILE' is obsolete.
     configure.ac:107: You should run autoupdate.
     ./lib/autoconf/general.m4:2847: AC_TRY_COMPILE is expanded from...
     configure.ac:41: RCURL_CHECK_ENUM is expanded from...
     configure.ac:107: the top level
     configure.ac:108: warning: The macro `AC_TRY_COMPILE' is obsolete.
     configure.ac:108: You should run autoupdate.
     ./lib/autoconf/general.m4:2847: AC_TRY_COMPILE is expanded from...
     configure.ac:41: RCURL_CHECK_ENUM is expanded from...
     configure.ac:108: the top level
     configure.ac:109: warning: The macro `AC_TRY_COMPILE' is obsolete.
     configure.ac:109: You should run autoupdate.
     ./lib/autoconf/general.m4:2847: AC_TRY_COMPILE is expanded from...
     configure.ac:41: RCURL_CHECK_ENUM is expanded from...
     configure.ac:109: the top level
     configure.ac:110: warning: The macro `AC_TRY_COMPILE' is obsolete.
     configure.ac:110: You should run autoupdate.
     ./lib/autoconf/general.m4:2847: AC_TRY_COMPILE is expanded from...
     configure.ac:41: RCURL_CHECK_ENUM is expanded from...
     configure.ac:110: the top level
     configure.ac:111: warning: The macro `AC_TRY_COMPILE' is obsolete.
     configure.ac:111: You should run autoupdate.
     ./lib/autoconf/general.m4:2847: AC_TRY_COMPILE is expanded from...
     configure.ac:41: RCURL_CHECK_ENUM is expanded from...
     configure.ac:111: the top level
     configure.ac:112: warning: The macro `AC_TRY_COMPILE' is obsolete.
     configure.ac:112: You should run autoupdate.
     ./lib/autoconf/general.m4:2847: AC_TRY_COMPILE is expanded from...
     configure.ac:41: RCURL_CHECK_ENUM is expanded from...
     configure.ac:112: the top level
     configure.ac:113: warning: The macro `AC_TRY_COMPILE' is obsolete.
     configure.ac:113: You should run autoupdate.
     ./lib/autoconf/general.m4:2847: AC_TRY_COMPILE is expanded from...
     configure.ac:41: RCURL_CHECK_ENUM is expanded from...
     configure.ac:113: the top level
     configure.ac:114: warning: The macro `AC_TRY_COMPILE' is obsolete.
     configure.ac:114: You should run autoupdate.
     ./lib/autoconf/general.m4:2847: AC_TRY_COMPILE is expanded from...
     configure.ac:41: RCURL_CHECK_ENUM is expanded from...
     configure.ac:114: the top level
     configure.ac:115: warning: The macro `AC_TRY_COMPILE' is obsolete.
     configure.ac:115: You should run autoupdate.
     ./lib/autoconf/general.m4:2847: AC_TRY_COMPILE is expanded from...
     configure.ac:41: RCURL_CHECK_ENUM is expanded from...
     configure.ac:115: the top level
     configure.ac:116: warning: The macro `AC_TRY_COMPILE' is obsolete.
     configure.ac:116: You should run autoupdate.
     ./lib/autoconf/general.m4:2847: AC_TRY_COMPILE is expanded from...
     configure.ac:41: RCURL_CHECK_ENUM is expanded from...
     configure.ac:116: the top level
     configure.ac:117: warning: The macro `AC_TRY_COMPILE' is obsolete.
     configure.ac:117: You should run autoupdate.
     ./lib/autoconf/general.m4:2847: AC_TRY_COMPILE is expanded from...
     configure.ac:41: RCURL_CHECK_ENUM is expanded from...
     configure.ac:117: the top level
     configure.ac:118: warning: The macro `AC_TRY_COMPILE' is obsolete.
     configure.ac:118: You should run autoupdate.
     ./lib/autoconf/general.m4:2847: AC_TRY_COMPILE is expanded from...
     configure.ac:41: RCURL_CHECK_ENUM is expanded from...
     configure.ac:118: the top level
     configure.ac:119: warning: The macro `AC_TRY_COMPILE' is obsolete.
     configure.ac:119: You should run autoupdate.
     ./lib/autoconf/general.m4:2847: AC_TRY_COMPILE is expanded from...
     configure.ac:41: RCURL_CHECK_ENUM is expanded from...
     configure.ac:119: the top level
     configure.ac:120: warning: The macro `AC_TRY_COMPILE' is obsolete.
     configure.ac:120: You should run autoupdate.
     ./lib/autoconf/general.m4:2847: AC_TRY_COMPILE is expanded from...
     configure.ac:41: RCURL_CHECK_ENUM is expanded from...
     configure.ac:120: the top level
     configure.ac:121: warning: The macro `AC_TRY_COMPILE' is obsolete.
     configure.ac:121: You should run autoupdate.
     ./lib/autoconf/general.m4:2847: AC_TRY_COMPILE is expanded from...
     configure.ac:41: RCURL_CHECK_ENUM is expanded from...
     configure.ac:121: the top level
     configure.ac:122: warning: The macro `AC_TRY_COMPILE' is obsolete.
     configure.ac:122: You should run autoupdate.
     ./lib/autoconf/general.m4:2847: AC_TRY_COMPILE is expanded from...
     configure.ac:41: RCURL_CHECK_ENUM is expanded from...
     configure.ac:122: the top level
     configure.ac:123: warning: The macro `AC_TRY_COMPILE' is obsolete.
     configure.ac:123: You should run autoupdate.
     ./lib/autoconf/general.m4:2847: AC_TRY_COMPILE is expanded from...
     configure.ac:41: RCURL_CHECK_ENUM is expanded from...
     configure.ac:123: the top level
     configure.ac:124: warning: The macro `AC_TRY_COMPILE' is obsolete.
     configure.ac:124: You should run autoupdate.
     ./lib/autoconf/general.m4:2847: AC_TRY_COMPILE is expanded from...
     configure.ac:41: RCURL_CHECK_ENUM is expanded from...
     configure.ac:124: the top level
     configure.ac:125: warning: The macro `AC_TRY_COMPILE' is obsolete.
     configure.ac:125: You should run autoupdate.
     ./lib/autoconf/general.m4:2847: AC_TRY_COMPILE is expanded from...
     configure.ac:41: RCURL_CHECK_ENUM is expanded from...
     configure.ac:125: the top level
     configure.ac:126: warning: The macro `AC_TRY_COMPILE' is obsolete.
     configure.ac:126: You should run autoupdate.
     ./lib/autoconf/general.m4:2847: AC_TRY_COMPILE is expanded from...
     configure.ac:41: RCURL_CHECK_ENUM is expanded from...
     configure.ac:126: the top level
     configure.ac:127: warning: The macro `AC_TRY_COMPILE' is obsolete.
     configure.ac:127: You should run autoupdate.
     ./lib/autoconf/general.m4:2847: AC_TRY_COMPILE is expanded from...
     configure.ac:41: RCURL_CHECK_ENUM is expanded from...
     configure.ac:127: the top level
     configure.ac:128: warning: The macro `AC_TRY_COMPILE' is obsolete.
     configure.ac:128: You should run autoupdate.
     ./lib/autoconf/general.m4:2847: AC_TRY_COMPILE is expanded from...
     configure.ac:41: RCURL_CHECK_ENUM is expanded from...
     configure.ac:128: the top level
     configure.ac:129: warning: The macro `AC_TRY_COMPILE' is obsolete.
     configure.ac:129: You should run autoupdate.
     ./lib/autoconf/general.m4:2847: AC_TRY_COMPILE is expanded from...
     configure.ac:41: RCURL_CHECK_ENUM is expanded from...
     configure.ac:129: the top level
     configure.ac:130: warning: The macro `AC_TRY_COMPILE' is obsolete.
     configure.ac:130: You should run autoupdate.
     ./lib/autoconf/general.m4:2847: AC_TRY_COMPILE is expanded from...
     configure.ac:41: RCURL_CHECK_ENUM is expanded from...
     configure.ac:130: the top level
     configure.ac:131: warning: The macro `AC_TRY_COMPILE' is obsolete.
     configure.ac:131: You should run autoupdate.
     ./lib/autoconf/general.m4:2847: AC_TRY_COMPILE is expanded from...
     configure.ac:41: RCURL_CHECK_ENUM is expanded from...
     configure.ac:131: the top level
     configure.ac:132: warning: The macro `AC_TRY_COMPILE' is obsolete.
     configure.ac:132: You should run autoupdate.
     ./lib/autoconf/general.m4:2847: AC_TRY_COMPILE is expanded from...
     configure.ac:41: RCURL_CHECK_ENUM is expanded from...
     configure.ac:132: the top level
     configure.ac:133: warning: The macro `AC_TRY_COMPILE' is obsolete.
     configure.ac:133: You should run autoupdate.
     ./lib/autoconf/general.m4:2847: AC_TRY_COMPILE is expanded from...
     configure.ac:41: RCURL_CHECK_ENUM is expanded from...
     configure.ac:133: the top level
     configure.ac:134: warning: The macro `AC_TRY_COMPILE' is obsolete.
     configure.ac:134: You should run autoupdate.
     ./lib/autoconf/general.m4:2847: AC_TRY_COMPILE is expanded from...
     configure.ac:41: RCURL_CHECK_ENUM is expanded from...
     configure.ac:134: the top level
     configure.ac:135: warning: The macro `AC_TRY_COMPILE' is obsolete.
     configure.ac:135: You should run autoupdate.
     ./lib/autoconf/general.m4:2847: AC_TRY_COMPILE is expanded from...
     configure.ac:41: RCURL_CHECK_ENUM is expanded from...
     configure.ac:135: the top level
     configure.ac:136: warning: The macro `AC_TRY_COMPILE' is obsolete.
     configure.ac:136: You should run autoupdate.
     ./lib/autoconf/general.m4:2847: AC_TRY_COMPILE is expanded from...
     configure.ac:41: RCURL_CHECK_ENUM is expanded from...
     configure.ac:136: the top level
     configure.ac:137: warning: The macro `AC_TRY_COMPILE' is obsolete.
     configure.ac:137: You should run autoupdate.
     ./lib/autoconf/general.m4:2847: AC_TRY_COMPILE is expanded from...
     configure.ac:41: RCURL_CHECK_ENUM is expanded from...
     configure.ac:137: the top level
     configure.ac:138: warning: The macro `AC_TRY_COMPILE' is obsolete.
     configure.ac:138: You should run autoupdate.
     ./lib/autoconf/general.m4:2847: AC_TRY_COMPILE is expanded from...
     configure.ac:41: RCURL_CHECK_ENUM is expanded from...
     configure.ac:138: the top level
     configure.ac:139: warning: The macro `AC_TRY_COMPILE' is obsolete.
     configure.ac:139: You should run autoupdate.
     ./lib/autoconf/general.m4:2847: AC_TRY_COMPILE is expanded from...
     configure.ac:41: RCURL_CHECK_ENUM is expanded from...
     configure.ac:139: the top level
     configure.ac:140: warning: The macro `AC_TRY_COMPILE' is obsolete.
     configure.ac:140: You should run autoupdate.
     ./lib/autoconf/general.m4:2847: AC_TRY_COMPILE is expanded from...
     configure.ac:41: RCURL_CHECK_ENUM is expanded from...
     configure.ac:140: the top level
     configure.ac:141: warning: The macro `AC_TRY_COMPILE' is obsolete.
     configure.ac:141: You should run autoupdate.
     ./lib/autoconf/general.m4:2847: AC_TRY_COMPILE is expanded from...
     configure.ac:41: RCURL_CHECK_ENUM is expanded from...
     configure.ac:141: the top level
     configure.ac:142: warning: The macro `AC_TRY_COMPILE' is obsolete.
     configure.ac:142: You should run autoupdate.
     ./lib/autoconf/general.m4:2847: AC_TRY_COMPILE is expanded from...
     configure.ac:41: RCURL_CHECK_ENUM is expanded from...
     configure.ac:142: the top level
     configure.ac:143: warning: The macro `AC_TRY_COMPILE' is obsolete.
     configure.ac:143: You should run autoupdate.
     ./lib/autoconf/general.m4:2847: AC_TRY_COMPILE is expanded from...
     configure.ac:41: RCURL_CHECK_ENUM is expanded from...
     configure.ac:143: the top level
     configure.ac:144: warning: The macro `AC_TRY_COMPILE' is obsolete.
     configure.ac:144: You should run autoupdate.
     ./lib/autoconf/general.m4:2847: AC_TRY_COMPILE is expanded from...
     configure.ac:41: RCURL_CHECK_ENUM is expanded from...
     configure.ac:144: the top level
     configure.ac:145: warning: The macro `AC_TRY_COMPILE' is obsolete.
     configure.ac:145: You should run autoupdate.
     ./lib/autoconf/general.m4:2847: AC_TRY_COMPILE is expanded from...
     configure.ac:41: RCURL_CHECK_ENUM is expanded from...
     configure.ac:145: the top level
     configure.ac:146: warning: The macro `AC_TRY_COMPILE' is obsolete.
     configure.ac:146: You should run autoupdate.
     ./lib/autoconf/general.m4:2847: AC_TRY_COMPILE is expanded from...
     configure.ac:41: RCURL_CHECK_ENUM is expanded from...
     configure.ac:146: the top level
     configure.ac:147: warning: The macro `AC_TRY_COMPILE' is obsolete.
     configure.ac:147: You should run autoupdate.
     ./lib/autoconf/general.m4:2847: AC_TRY_COMPILE is expanded from...
     configure.ac:41: RCURL_CHECK_ENUM is expanded from...
     configure.ac:147: the top level
     configure.ac:148: warning: The macro `AC_TRY_COMPILE' is obsolete.
     configure.ac:148: You should run autoupdate.
     ./lib/autoconf/general.m4:2847: AC_TRY_COMPILE is expanded from...
     configure.ac:41: RCURL_CHECK_ENUM is expanded from...
     configure.ac:148: the top level
     configure.ac:149: warning: The macro `AC_TRY_COMPILE' is obsolete.
     configure.ac:149: You should run autoupdate.
     ./lib/autoconf/general.m4:2847: AC_TRY_COMPILE is expanded from...
     configure.ac:41: RCURL_CHECK_ENUM is expanded from...
     configure.ac:149: the top level
     configure.ac:150: warning: The macro `AC_TRY_COMPILE' is obsolete.
     configure.ac:150: You should run autoupdate.
     ./lib/autoconf/general.m4:2847: AC_TRY_COMPILE is expanded from...
     configure.ac:41: RCURL_CHECK_ENUM is expanded from...
     configure.ac:150: the top level
     configure.ac:151: warning: The macro `AC_TRY_COMPILE' is obsolete.
     configure.ac:151: You should run autoupdate.
     ./lib/autoconf/general.m4:2847: AC_TRY_COMPILE is expanded from...
     configure.ac:41: RCURL_CHECK_ENUM is expanded from...
     configure.ac:151: the top level
     configure.ac:152: warning: The macro `AC_TRY_COMPILE' is obsolete.
     configure.ac:152: You should run autoupdate.
     ./lib/autoconf/general.m4:2847: AC_TRY_COMPILE is expanded from...
     configure.ac:41: RCURL_CHECK_ENUM is expanded from...
     configure.ac:152: the top level
     configure.ac:153: warning: The macro `AC_TRY_COMPILE' is obsolete.
     configure.ac:153: You should run autoupdate.
     ./lib/autoconf/general.m4:2847: AC_TRY_COMPILE is expanded from...
     configure.ac:41: RCURL_CHECK_ENUM is expanded from...
     configure.ac:153: the top level
     configure.ac:154: warning: The macro `AC_TRY_COMPILE' is obsolete.
     configure.ac:154: You should run autoupdate.
     ./lib/autoconf/general.m4:2847: AC_TRY_COMPILE is expanded from...
     configure.ac:41: RCURL_CHECK_ENUM is expanded from...
     configure.ac:154: the top level
     configure.ac:155: warning: The macro `AC_TRY_COMPILE' is obsolete.
     configure.ac:155: You should run autoupdate.
     ./lib/autoconf/general.m4:2847: AC_TRY_COMPILE is expanded from...
     configure.ac:41: RCURL_CHECK_ENUM is expanded from...
     configure.ac:155: the top level
     configure.ac:192: warning: AC_OUTPUT should be used without arguments.
     configure.ac:192: You should run autoupdate.
Flavors: r-devel-linux-x86_64-debian-clang, r-devel-linux-x86_64-debian-gcc, r-patched-linux-x86_64, r-release-linux-x86_64

Version: 1.98-1.4
Check: for GNU extensions in Makefiles
Result: NOTE
    GNU make is a SystemRequirements.
Flavors: r-devel-linux-x86_64-debian-clang, r-devel-linux-x86_64-debian-gcc, r-devel-linux-x86_64-fedora-clang, r-devel-linux-x86_64-fedora-gcc, r-devel-windows-x86_64, r-devel-windows-x86_64-gcc10-UCRT, r-patched-linux-x86_64, r-release-linux-x86_64, r-release-macos-arm64, r-release-macos-x86_64, r-release-windows-ix86+x86_64, r-oldrel-macos-x86_64, r-oldrel-windows-ix86+x86_64

Version: 1.98-1.4
Flags: --no-examples
Check: for GNU extensions in Makefiles
Result: NOTE
    GNU make is a SystemRequirements.
Flavor: r-patched-solaris-x86

Version: 1.98-1.4
Check: installed package size
Result: NOTE
     installed size is 6.4Mb
     sub-directories of 1Mb or more:
     libs 4.4Mb
Flavors: r-release-windows-ix86+x86_64, r-oldrel-windows-ix86+x86_64