CRAN Package Check Results for Package REDCapR

Last updated on 2021-09-20 01:49:02 CEST.

Flavor Version Tinstall Tcheck Ttotal Status Flags
r-devel-linux-x86_64-debian-clang 1.0.0 4.93 61.55 66.48 OK
r-devel-linux-x86_64-debian-gcc 1.0.0 4.09 46.52 50.61 OK
r-devel-linux-x86_64-fedora-clang 1.0.0 88.47 OK
r-devel-linux-x86_64-fedora-gcc 1.0.0 75.37 OK
r-devel-windows-x86_64 1.0.0 11.00 104.00 115.00 OK
r-devel-windows-x86_64-gcc10-UCRT 1.0.0 ERROR
r-patched-linux-x86_64 1.0.0 5.54 62.77 68.31 OK
r-patched-solaris-x86 1.0.0 110.00 OK
r-release-linux-x86_64 1.0.0 4.20 63.20 67.40 OK
r-release-macos-arm64 1.0.0 OK
r-release-macos-x86_64 1.0.0 OK
r-release-windows-ix86+x86_64 1.0.0 13.00 125.00 138.00 OK
r-oldrel-macos-x86_64 1.0.0 OK
r-oldrel-windows-ix86+x86_64 1.0.0 13.00 132.00 145.00 OK

Check Details

Version: 1.0.0
Check: whether package can be installed
Result: WARN
    Found the following significant warnings:
     WARNING: installation-time patches will not be applied, could not get the patches index
Flavor: r-devel-windows-x86_64-gcc10-UCRT

Version: 1.0.0
Check: PDF version of manual
Result: WARN
    LaTeX errors when creating PDF version.
    This typically indicates Rd problems.
Flavor: r-devel-windows-x86_64-gcc10-UCRT

Version: 1.0.0
Check: PDF version of manual without hyperrefs or index
Result: ERROR
    Re-running with no redirection of stdout/stderr.
Flavor: r-devel-windows-x86_64-gcc10-UCRT