CRAN Package Check Results for Package REddyProcNCDF

Last updated on 2021-10-19 07:49:48 CEST.

Flavor Version Tinstall Tcheck Ttotal Status Flags
r-devel-linux-x86_64-debian-clang 1.1.4 6.83 61.24 68.07 NOTE
r-devel-linux-x86_64-debian-gcc 1.1.4 4.92 46.38 51.30 NOTE
r-devel-linux-x86_64-fedora-clang 1.1.4 90.34 NOTE
r-devel-linux-x86_64-fedora-gcc 1.1.4 79.26 NOTE
r-devel-windows-x86_64 1.1.4 12.00 79.00 91.00 NOTE
r-devel-windows-x86_64-gcc10-UCRT 1.1.4 NOTE
r-patched-linux-x86_64 1.1.4 6.76 57.59 64.35 NOTE
r-patched-solaris-x86 1.1.4 110.10 NOTE
r-release-linux-x86_64 1.1.4 7.18 57.81 64.99 NOTE
r-release-macos-arm64 1.1.4 NOTE
r-release-macos-x86_64 1.1.4 NOTE
r-release-windows-ix86+x86_64 1.1.4 14.00 81.00 95.00 NOTE
r-oldrel-macos-x86_64 1.1.4 OK
r-oldrel-windows-ix86+x86_64 1.1.4 20.00 80.00 100.00 OK

Check Details

Version: 1.1.4
Check: LazyData
Result: NOTE
     'LazyData' is specified without a 'data' directory
Flavors: r-devel-linux-x86_64-debian-clang, r-devel-linux-x86_64-debian-gcc, r-devel-linux-x86_64-fedora-clang, r-devel-linux-x86_64-fedora-gcc, r-devel-windows-x86_64, r-devel-windows-x86_64-gcc10-UCRT, r-patched-linux-x86_64, r-patched-solaris-x86, r-release-linux-x86_64, r-release-macos-arm64, r-release-macos-x86_64, r-release-windows-ix86+x86_64