CRAN Package Check Results for Package RHRV

Last updated on 2022-01-24 15:54:24 CET.

Flavor Version Tinstall Tcheck Ttotal Status Flags
r-devel-linux-x86_64-debian-clang 4.2.6 14.43 128.83 143.26 OK
r-devel-linux-x86_64-debian-gcc 4.2.6 11.69 97.17 108.86 OK
r-devel-linux-x86_64-fedora-clang 4.2.6 178.83 NOTE
r-devel-linux-x86_64-fedora-gcc 4.2.6 170.93 OK
r-devel-windows-x86_64-new-UL 4.2.6 92.00 153.00 245.00 OK
r-devel-windows-x86_64-new-TK 4.2.6 OK
r-patched-linux-x86_64 4.2.6 21.15 123.28 144.43 OK
r-release-linux-x86_64 4.2.6 15.13 121.61 136.74 OK
r-release-macos-arm64 4.2.6 OK
r-release-macos-x86_64 4.2.6 OK
r-release-windows-ix86+x86_64 4.2.6 36.00 178.00 214.00 OK
r-oldrel-macos-x86_64 4.2.6 OK
r-oldrel-windows-ix86+x86_64 4.2.6 36.00 178.00 214.00 OK

Check Details

Version: 4.2.6
Check: Rd cross-references
Result: NOTE
    Undeclared packages ‘tseries’, ‘TSA’ in Rd xrefs
Flavor: r-devel-linux-x86_64-fedora-clang